Riassunti climatici stile NOAA



Report 2017 Ottobre
´╗┐                   Monthly Climatological Summary for ott 2017

Name: www.meteoalbese.it   City: Albese con Cassano (CO)   State: Italia
Elevation: 410 m  Lat: N 46┬° 19' 60"   Lon: E 009┬° 15' 31"

                  Temperature (┬°C), Rain (mm), Wind Speed (km/h)

                                      Heat  Cool        Avg
    Mean                              Deg   Deg         Wind                 Dom
Day Temp  High   Time   Low    Time   Days  Days  Rain  Speed High   Time    Dir
----------------------------------------------------------------------------------
 1  13,6  15,0   16:03  12,4   06:40   4,7   0,0   0,3   1,6  13,6   04:22   ENE
 2  14,4  18,1   14:30  11,6   04:53   3,9   0,0   0,0   1,7  11,6   14:30     N
 3  15,5  20,9   17:19  12,7   07:26   3,0   0,2   0,0   2,3  15,5   02:35   NNW
 4  14,7  19,6   14:08  11,7   07:08   3,7   0,1   0,0   2,1  19,3   01:59   NNW
 5  15,9  20,6   15:06  11,8   07:24   2,8   0,4   0,0   3,8  23,2   14:45    NW
 6  16,3  21,9   13:13  12,1   06:34   2,8   0,8   0,0   3,9  30,8   14:36   NNW
 7  14,5  21,4   15:54   9,6   04:55   4,3   0,5   0,0   2,8  19,3   04:19   NNW
 8  14,8  21,2   16:01  11,0   03:27   3,9   0,4   0,0   3,1  19,3   11:36   NNW
 9  14,2  20,9   16:41   9,7   07:00   4,4   0,3   0,0   3,2  21,2   03:14     N
10  14,4  20,6   16:42  11,0   05:17   4,1   0,2   0,0   3,6  17,4   13:16   NNW
11  14,4  19,4   15:34  11,4   06:10   3,9   0,1   0,0   3,4  21,2   00:19   NNW
12  15,3  21,4   16:38  11,6   07:46   3,4   0,4   0,0   3,7  19,3   01:19   NNW
13  15,8  21,1   16:27  12,1   06:52   3,0   0,5   0,0   3,2  19,3   22:40     N
14  16,2  23,0   16:25  12,5   06:54   2,9   0,8   0,0   3,1  17,4   05:28     N
15  16,9  23,1   14:59  12,0   08:10   2,6   1,1   0,0   3,4  19,3   04:21   NNW
16  17,1  24,6   16:06  12,2   07:03   2,4   1,3   0,0   3,2  21,2   21:38     N
17  16,1  21,6   14:18  12,4   08:25   2,8   0,6   0,0   3,3  19,3   00:21     N
18  14,8  19,6   14:58  11,9   06:57   3,7   0,2   0,0   3,5  19,3   21:20     N
19  13,9  18,6   14:52  10,9   07:39   4,4   0,0   0,0   2,3  19,3   04:45     N
20  12,1  17,5   15:36   9,1   05:03   6,2   0,0   0,0   1,2  13,6   13:03   ESE
21  13,1  16,4   15:18  10,7   04:05   5,2   0,0   1,6   1,2  11,6   14:53   SSW
22  13,6  18,4   17:04  10,5   23:41   4,7   0,0   3,3   2,8  30,8   16:36    NW
23  15,0  19,5   15:14   9,7   00:34   3,4   0,1   0,0   6,3  42,5   13:58    NW
24  14,7  21,5   16:52  11,1   02:23   4,0   0,4   0,0   3,2  17,4   07:27     N
25  14,4  19,7   15:15  10,6   07:00   4,1   0,2   0,0   3,0  17,4   02:51   NNE
26  13,6  18,6   16:27  10,2   08:39   4,7   0,0   0,0   2,9  19,3   21:00     N
27  15,3  23,8   15:14   9,9   09:09   3,7   0,7   0,0   3,7  52,2   14:56    NW
28  12,9  17,9   23:36   9,5   07:53   5,4   0,0   0,0   3,2  25,1   22:53    NW
29  16,8  21,6   17:06  11,7   05:33   2,0   0,5   0,0   4,8  30,8   18:53    NW
30  13,4  17,2   12:48   9,4   06:31   4,9   0,0   0,0   2,4  21,2   01:24    NE
31  11,3  15,1   14:47   8,5   23:57   7,0   0,0   0,0   2,5  17,4   00:34   NNE
----------------------------------------------------------------------------------
    14,7  24,6    16     8,5    31   122,0   9,8   5,2   3,1  52,2    27     NNW

Max >=  30,0:  0
Max <=  20,0: 15
Min <=  20,0: 31
Min <=  15,0: 31
Max Rain: 3,3 on day 22
Days of Rain: 3 (>= 0,1 mm)  2 (>= 1,0 mm)  0 (>= 10,0 mm)
Heat Base: 18,3  Cool Base: 18,3  Method: Integration