Riassunti climatici stile NOAA



Report 2017 Settembre
´╗┐                   Monthly Climatological Summary for set 2017

Name: www.meteoalbese.it   City: Albese con Cassano (CO)   State: Italia
Elevation: 410 m  Lat: N 46┬° 19' 60"   Lon: E 009┬° 15' 31"

                  Temperature (┬°C), Rain (mm), Wind Speed (km/h)

                                      Heat  Cool        Avg
    Mean                              Deg   Deg         Wind                 Dom
Day Temp  High   Time   Low    Time   Days  Days  Rain  Speed High   Time    Dir
----------------------------------------------------------------------------------
 1  20,0  24,2   16:01  15,9   22:21   0,3   2,0  11,0   4,5  30,8   17:00   NNE
 2  15,1  17,9   22:38  11,9   11:53   3,2   0,0  23,3   4,6  38,6   01:19   NNW
 3  18,0  23,9   17:50  13,0   07:20   1,9   1,6   0,0   3,3  19,3   21:46   NNE
 4  18,0  23,7   17:41  14,5   03:15   1,5   1,2   0,0   3,7  19,3   00:10   NNW
 5  19,7  26,1   15:55  14,4   07:13   1,1   2,5   0,0   3,4  19,3   22:33     N
 6  20,6  26,3   16:10  16,5   06:40   0,4   2,7   0,0   4,5  19,3   01:44     N
 7  20,9  28,0   17:58  15,9   23:55   0,4   3,0  24,4   3,4  21,2   19:37   NNE
 8  18,6  23,7   15:21  14,8   07:03   1,1   1,3   1,1   2,4  17,4   07:26     E
 9  16,9  20,8   15:57  14,8   23:46   1,7   0,3  37,8   3,0  25,1   23:24   ESE
10  13,3  14,9   00:57  11,9   07:40   5,0   0,0  70,5   3,2  32,9   12:56   ESE
11  17,1  23,6   15:54  13,5   00:00   2,2   0,9   0,0   2,3  21,2   15:04   NNE
12  18,3  25,1   17:04  13,4   23:37   1,6   1,6   0,0   3,0  25,1   18:26     N
13  16,1  22,2   17:15  11,5   04:39   2,9   0,6   0,0   3,3  25,1   14:49   NNW
14  15,8  17,6   13:34  11,2   22:13   2,5   0,0   4,4   1,7  46,3   23:16     N
15  14,4  17,7   14:19  11,9   23:04   3,9   0,0   3,0   2,9  40,6   01:34    NE
16  13,9  19,1   16:19  11,0   04:24   4,4   0,0  14,8   2,3  19,3   13:37   ESE
17  13,1  19,6   14:43   9,7   06:53   5,2   0,0   9,8   2,9  21,2   16:52   NNW
18  12,8  17,0   14:15   9,7   07:10   5,5   0,0   0,0   2,7  17,4   01:49    NE
19  14,1  20,2   15:14   8,7   07:43   4,5   0,3   0,0   3,0  40,6   12:40     N
20  15,8  22,2   16:36  10,7   07:43   3,3   0,8   0,0   3,4  25,1   12:42   NNW
21  15,4  21,6   16:40  10,5   07:22   3,5   0,6   0,0   3,2  19,3   02:29     N
22  15,6  21,9   16:31  11,1   07:03   3,3   0,6   0,0   2,9  19,3   01:12     N
23  16,2  21,7   16:08  12,7   06:04   2,7   0,6   0,0   3,0  17,4   20:26     N
24  17,6  23,5   15:40  14,3   08:08   1,7   1,0   0,0   3,0  17,4   18:10    SE
25  16,2  20,9   14:16  13,4   02:56   2,4   0,4   0,0   2,0  15,5   11:43    NW
26  15,9  21,0   15:09  11,5   07:26   2,8   0,4   0,0   2,9  17,4   11:01   NNW
27  17,3  23,2   14:31  13,6   06:48   1,9   0,9   0,0   3,4  19,3   20:32   NNW
28  17,2  22,5   16:45  13,7   07:21   1,9   0,9   0,0   2,8  17,4   02:47     N
29  16,3  19,9   16:41  13,8   06:58   2,2   0,2   0,0   3,0  17,4   01:33    NE
30  15,3  16,9   16:10  14,0   07:20   3,0   0,0   0,0   2,1  15,5   05:53    NE
----------------------------------------------------------------------------------
    16,5  28,0     7     8,7    19    78,0  24,4 200,1   3,0  46,3    14     NNE

Max >=  30,0:  0
Max <=  20,0:  9
Min <=  20,0: 30
Min <=  15,0: 27
Max Rain: 70,5 on day 10
Days of Rain: 10 (>= 0,1 mm)  10 (>= 1,0 mm)  6 (>= 10,0 mm)
Heat Base: 18,3  Cool Base: 18,3  Method: Integration