Riassunti climatici stile NOAA



Report 2017 Agosto
´╗┐                   Monthly Climatological Summary for ago 2017

Name: www.meteoalbese.it   City: Albese con Cassano (CO)   State: Italia
Elevation: 410 m  Lat: N 46┬° 19' 60"   Lon: E 009┬° 15' 31"

                  Temperature (┬°C), Rain (mm), Wind Speed (km/h)

                                      Heat  Cool        Avg
    Mean                              Deg   Deg         Wind                 Dom
Day Temp  High   Time   Low    Time   Days  Days  Rain  Speed High   Time    Dir
----------------------------------------------------------------------------------
 1  26,6  33,0   17:41  21,9   05:52   0,0   8,3   0,0   3,8  23,2   23:30   NNW
 2  28,2  35,5   17:57  23,2   06:45   0,0   9,9   0,0   3,9  21,2   22:22    NW
 3  28,3  35,0   17:05  23,6   06:24   0,0  10,0   0,0   3,5  21,2   20:54     N
 4  28,9  35,8   17:12  24,1   07:18   0,0  10,6   0,0   3,3  19,3   13:53   NNE
 5  28,8  35,8   17:42  24,1   03:53   0,0  10,5   0,0   3,6  21,2   21:56    NE
 6  25,8  29,0   12:56  21,5   10:54   0,0   7,5   1,4   4,9  36,7   21:24     N
 7  23,7  29,6   17:34  18,9   05:34   0,0   5,4   0,0   3,0  17,4   04:24    NW
 8  23,0  28,1   16:15  18,5   21:36   0,0   4,7   4,1   4,3  54,1   20:49     E
 9  22,2  27,6   18:06  19,0   06:35   0,0   3,9   9,1   3,4  25,1   01:28   NNW
10  21,7  26,6   18:10  18,5   06:12   0,0   3,4   0,0   3,2  19,3   05:03    NW
11  17,1  20,3   10:12  13,0   11:58   1,4   0,2   4,1   3,4  67,6   11:42    NW
12  20,5  27,9   17:09  13,9   03:58   1,4   3,5   0,2   3,1  28,9   14:32    NW
13  22,0  28,6   17:00  16,4   06:57   0,3   4,0   0,0   3,4  23,2   23:27   NNW
14  22,5  28,7   17:42  18,3   06:57   0,0   4,2   0,0   4,2  21,2   22:03     N
15  23,8  30,7   18:10  18,5   06:47   0,0   5,5   0,0   3,9  19,3   00:39   NNW
16  24,3  31,1   16:21  20,4   09:11   0,0   6,0   0,3   3,7  21,2   23:18   NNW
17  25,3  31,9   17:01  20,9   07:27   0,0   7,0   0,0   4,0  19,3   02:12   NNW
18  25,3  31,6   17:36  20,4   23:43   0,0   7,0   3,6   4,0  48,2   20:40     N
19  23,5  29,7   15:46  18,8   04:59   0,0   5,2   4,4   4,1  34,8   02:07     N
20  21,1  28,0   18:02  15,7   06:53   0,3   3,1   0,0   3,5  19,3   20:03     N
21  20,9  27,6   18:17  16,1   05:32   0,5   3,1   0,0   4,0  21,2   02:41   NNE
22  21,1  27,1   17:19  16,7   04:22   0,3   3,1   0,0   4,0  23,2   13:37     N
23  22,1  28,5   17:40  16,7   07:07   0,2   4,0   0,0   3,7  21,2   00:12     N
24  23,6  30,2   16:34  18,1   06:42   0,0   5,4   0,0   3,3  21,2   01:08     N
25  24,5  30,7   16:41  19,8   05:11   0,0   6,2   0,0   3,1  17,4   00:32     N
26  25,2  31,5   16:43  20,8   06:56   0,0   6,9   0,0   4,1  19,3   01:54   NNW
27  26,1  32,8   16:52  20,9   06:48   0,0   7,8   0,0   3,6  19,3   02:28    NW
28  26,1  31,9   17:05  22,9   06:07   0,0   7,8   0,0   3,2  21,2   21:22   NNE
29  24,3  30,0   16:11  19,6   06:00   0,0   6,0   0,0   3,0  21,2   20:27   NNE
30  24,3  30,3   16:34  19,2   06:02   0,0   6,0   0,0   3,7  21,2   02:02   NNW
31  23,8  27,3   14:25  21,2   06:47   0,0   5,5   0,2   3,0  21,2   12:39     E
----------------------------------------------------------------------------------
    24,0  35,8     4    13,0    11     4,4 181,7  27,4   3,6  67,6    11       N

Max >=  30,0: 16
Max <=  20,0:  0
Min <=  20,0: 18
Min <=  15,0:  2
Max Rain: 9,1 on day 9
Days of Rain: 9 (>= 0,1 mm)  6 (>= 1,0 mm)  0 (>= 10,0 mm)
Heat Base: 18,3  Cool Base: 18,3  Method: Integration