Riassunti climatici stile NOAA



Report 2017 Luglio
´╗┐                   Monthly Climatological Summary for lug 2017

Name: www.meteoalbese.it   City: Albese con Cassano (CO)   State: Italia
Elevation: 410 m  Lat: N 46┬° 19' 60"   Lon: E 009┬° 15' 31"

                  Temperature (┬°C), Rain (mm), Wind Speed (km/h)

                                      Heat  Cool        Avg
    Mean                              Deg   Deg         Wind                 Dom
Day Temp  High   Time   Low    Time   Days  Days  Rain  Speed High   Time    Dir
----------------------------------------------------------------------------------
 1  17,6  24,2   15:25  12,3   05:01   2,1   1,4   0,0   3,3  23,2   16:36   NNE
 2  20,0  27,3   18:08  13,3   06:02   1,4   3,1   0,0   3,3  19,3   16:16    NW
 3  23,2  29,6   16:15  17,4   05:31   0,1   5,0   0,0   3,2  19,3   15:12    NW
 4  23,0  28,8   15:52  18,2   05:29   0,0   4,7   0,0   3,5  19,3   00:02   NNE
 5  24,1  29,8   16:02  19,1   05:05   0,0   5,8   0,0   3,9  21,2   00:41    NW
 6  25,6  32,4   17:11  20,2   05:49   0,0   7,3   0,0   3,4  21,2   00:23    NW
 7  26,3  32,4   16:46  21,3   04:39   0,0   8,0   0,0   3,5  19,3   02:07    NW
 8  27,0  33,0   17:17  21,5   06:01   0,0   8,7   0,0   4,0  28,9   20:26   WNW
 9  25,3  30,4   15:50  22,5   23:20   0,0   7,0   0,0   3,2  19,3   12:44    NW
10  23,9  30,2   15:46  19,6   23:33   0,0   5,6   1,8   2,8  17,4   18:16    NW
11  22,1  27,1   18:39  17,7   04:51   0,1   3,8   0,0   2,7  17,4   12:21   WNW
12  23,6  29,2   17:30  18,5   05:39   0,0   5,3   0,0   3,1  19,3   16:28    NW
13  25,8  32,2   16:12  20,6   03:25   0,0   7,5   0,0   2,9  21,2   23:34   NNW
14  22,0  27,2   18:58  18,4   07:06   0,0   3,7   9,9   3,2  19,3   03:54    NE
15  22,9  29,4   17:57  16,6   05:51   0,2   4,8   0,0   3,8  28,9   21:19   NNW
16  21,7  27,1   16:30  16,7   04:12   0,3   3,6   0,0   4,0  19,3   02:02    NE
17  22,3  28,5   17:43  18,5   05:44   0,0   4,0   0,0   3,6  23,2   15:01   NNW
18  23,6  30,2   17:58  18,6   04:12   0,0   5,3   0,0   3,8  21,2   02:13   NNW
19  24,5  30,5   17:10  19,9   05:58   0,0   6,2   0,0   3,6  19,3   01:58    NW
20  23,8  29,7   18:01  19,7   05:49   0,0   5,5   0,0   3,3  19,3   10:16    NE
21  23,9  29,6   17:26  20,1   22:41   0,0   5,6   0,5   3,2  21,2   22:01   ENE
22  23,9  30,5   17:48  19,0   06:10   0,0   5,6   0,5   3,1  21,2   21:20   NNW
23  24,8  30,9   16:40  19,4   05:42   0,0   6,5   0,5   3,2  23,2   15:32   NNW
24  22,7  27,2   17:09  17,6   10:52   0,0   4,4   5,0   3,2  34,8   22:13   NNW
25  23,4  27,5   15:52  18,0   06:58   0,0   5,1   0,0   5,6  38,6   22:38   WNW
26  22,4  27,4   17:40  16,6   04:47   0,2   4,3   0,0   4,1  34,8   00:57   WNW
27  22,8  28,1   19:11  18,5   06:52   0,0   4,5   0,0   3,6  27,0   01:08    NW
28  23,3  29,9   18:28  17,8   03:48   0,0   4,9   0,0   3,5  19,3   07:02     N
29  23,7  30,0   16:26  19,9   22:16   0,0   5,3   8,2   3,5  27,0   19:47     N
30  23,0  30,0   16:01  18,8   07:26   0,0   4,6   0,5   2,2  17,4   14:36     N
31  24,5  30,9   18:35  19,6   06:37   0,0   6,2   0,0   3,3  19,3   02:11   NNW
----------------------------------------------------------------------------------
    23,4  33,0     8    12,3     1     4,4 163,3  26,9   3,4  38,6    25     NNW

Max >=  30,0: 13
Max <=  20,0:  0
Min <=  20,0: 25
Min <=  15,0:  2
Max Rain: 9,9 on day 14
Days of Rain: 8 (>= 0,1 mm)  4 (>= 1,0 mm)  0 (>= 10,0 mm)
Heat Base: 18,3  Cool Base: 18,3  Method: Integration