Riassunti climatici stile NOAA



Report 2017 Giugno
´╗┐                   Monthly Climatological Summary for giu 2017

Name: www.meteoalbese.it   City: Albese con Cassano (CO)   State: Italia
Elevation: 410 m  Lat: N 46┬° 19' 60"   Lon: E 009┬° 15' 31"

                  Temperature (┬°C), Rain (mm), Wind Speed (km/h)

                                      Heat  Cool        Avg
    Mean                              Deg   Deg         Wind                 Dom
Day Temp  High   Time   Low    Time   Days  Days  Rain  Speed High   Time    Dir
----------------------------------------------------------------------------------
 1  22,5  28,9   17:52  17,1   05:29   0,1   4,4   0,0   3,1  17,4   06:19    NW
 2  22,6  29,0   16:51  17,0   04:34   0,2   4,5   0,0   3,2  19,3   16:29   NNW
 3  23,2  29,9   18:12  17,7   05:34   0,0   5,0   0,0   2,8  17,4   00:39     N
 4  21,7  27,2   18:11  17,2   06:49   0,1   3,5  10,7   3,1  19,3   10:15   ESE
 5  17,8  21,2   00:00  15,4   03:55   1,1   0,6  41,9   3,9  42,5   13:30   ESE
 6  16,3  19,5   11:17  13,1   23:59   2,1   0,1  37,8   2,7  27,0   13:50   ENE
 7  18,6  25,7   16:53  11,0   06:07   2,0   2,3   0,0   3,5  25,1   03:18    NW
 8  19,0  24,8   17:21  13,7   05:27   1,1   1,9   0,0   3,4  19,3   01:32   NNE
 9  19,4  25,6   17:40  14,7   05:24   1,0   2,2   0,0   3,7  21,2   01:27   NNW
10  22,3  29,1   18:32  16,6   05:55   0,3   4,3   0,0   3,7  19,3   16:41    NE
11  23,4  28,7   16:42  18,0   05:37   0,0   5,1   0,0   3,9  19,3   00:31   NNE
12  24,5  31,2   17:46  19,3   04:04   0,0   6,2   0,0   3,7  19,3   00:11    NW
13  25,3  31,7   17:05  20,5   05:45   0,0   7,0   0,0   3,0  19,3   22:50    NW
14  24,2  29,2   14:24  21,5   05:50   0,0   5,9   0,3   2,4  19,3   19:56   NNW
15  23,3  29,0   17:03  19,2   05:52   0,0   5,0   0,2   2,8  17,4   17:04   ESE
16  25,3  32,4   15:50  19,7   06:02   0,0   6,9   0,0   3,3  17,4   16:38    NW
17  27,4  32,2   17:36  23,0   06:16   0,0   9,1   0,0   6,1  38,6   23:10    NW
18  22,9  28,3   18:03  18,4   06:23   0,0   4,6   0,0   4,0  23,2   09:30     E
19  23,3  30,4   18:01  17,7   04:21   0,1   5,0   0,0   3,8  21,2   14:49   NNW
20  25,0  31,4   17:17  19,8   04:04   0,0   6,7   0,0   3,9  23,2   00:25    NW
21  25,7  32,4   17:38  20,3   05:43   0,0   7,4   0,0   3,0  17,4   14:11   WNW
22  26,4  32,4   15:57  21,4   05:50   0,0   8,1   0,0   3,7  19,3   17:31    NW
23  26,7  33,0   16:54  20,8   05:34   0,0   8,4   0,0   4,1  25,1   14:01   WNW
24  26,6  33,1   16:20  21,1   04:01   0,0   8,3   0,0   3,6  19,3   12:06     E
25  24,4  30,3   16:32  17,4   07:24   0,0   6,1  23,0   3,9  34,8   06:51   WNW
26  23,3  30,1   15:44  17,0   20:12   0,0   5,0  28,6   3,5  54,1   19:42   ENE
27  21,7  26,7   17:06  17,4   00:45   0,1   3,5   6,6   3,8  21,2   23:55   ENE
28  17,7  23,3   12:13  14,5   22:57   1,3   0,7 129,8   3,9  56,0   01:55   ESE
29  17,0  23,7   14:41  14,4   05:17   2,0   0,7   9,3   2,8  27,0   15:40    NE
30  16,8  22,4   15:54  13,6   03:00   2,2   0,7   1,4   3,7  32,9   16:53     N
----------------------------------------------------------------------------------
    22,5  33,1    24    11,0     7    13,7 139,2 289,6   3,5  56,0    28       N

Max >=  30,0: 12
Max <=  20,0:  1
Min <=  20,0: 23
Min <=  15,0:  7
Max Rain: 129,8 on day 28
Days of Rain: 11 (>= 0,1 mm)  9 (>= 1,0 mm)  6 (>= 10,0 mm)
Heat Base: 18,3  Cool Base: 18,3  Method: Integration