Riassunti climatici stile NOAA



Report 2017 Maggio
´╗┐                   Monthly Climatological Summary for mag 2017

Name: www.meteoalbese.it   City: Albese con Cassano (CO)   State: Italia
Elevation: 410 m  Lat: N 46┬° 19' 60"   Lon: E 009┬° 15' 31"

                  Temperature (┬°C), Rain (mm), Wind Speed (km/h)

                                      Heat  Cool        Avg
    Mean                              Deg   Deg         Wind                 Dom
Day Temp  High   Time   Low    Time   Days  Days  Rain  Speed High   Time    Dir
----------------------------------------------------------------------------------
 1   9,2  11,8   02:31   6,3   23:56   9,1   0,0  15,3   2,0  27,0   18:02   NNE
 2   9,8  17,6   15:44   4,0   06:08   8,5   0,0  17,5   2,8  19,3   18:29   ESE
 3  10,5  14,7   16:50   7,8   04:45   7,6   0,0   3,6   2,6  17,4   16:43   ESE
 4  11,1  15,6   15:44   8,6   06:22   7,2   0,0   3,3   2,0  21,2   18:45   ESE
 5  13,5  20,8   18:09   6,8   05:47   5,2   0,4   0,0   3,4  23,2   23:19     N
 6  12,0  14,2   10:29   9,3   23:18   6,3   0,0   8,6   2,9  21,2   00:06   NNW
 7  12,6  19,3   18:21   8,9   02:26   5,7   0,0   0,0   2,3  19,3   14:15   WNW
 8  15,6  22,4   15:32  10,7   01:38   3,4   0,7   0,3   2,5  17,4   16:38    NW
 9  15,6  21,4   13:36  10,8   05:55   3,1   0,5   0,0   3,5  28,9   16:55     E
10  14,8  17,9   16:10  12,6   06:34   3,5   0,0   0,0   2,7  17,4   08:39    SE
11  13,5  15,2   15:10  11,3   05:59   4,8   0,0  29,9   2,4  19,3   22:28   ESE
12  14,4  19,6   17:04  11,7   05:10   3,9   0,1  48,3   2,1  21,2   18:09     W
13  16,7  23,9   16:01  10,2   05:46   3,0   1,4   1,4   2,7  21,2   17:06   WNW
14  17,7  23,5   15:20  13,2   05:40   1,8   1,2   0,0   2,5  15,5   10:28   ENE
15  19,2  25,4   15:31  12,8   05:31   1,5   2,4   0,0   3,3  19,3   13:18   ENE
16  19,9  26,2   15:57  14,4   06:27   1,1   2,7   0,0   3,8  21,2   21:49   NNW
17  21,1  27,7   18:12  15,7   04:50   0,6   3,4   0,0   4,0  21,2   06:52    NW
18  20,7  24,7   17:51  16,9   04:12   0,2   2,6   0,0   3,2  17,4   09:21     E
19  16,1  19,7   00:44  11,8   18:25   2,4   0,2  23,4   3,4  38,6   17:21     E
20  16,8  23,7   16:10  11,1   06:47   2,7   1,2   0,0   2,9  19,3   21:21    NW
21  18,7  26,1   16:43  12,1   06:50   2,1   2,4   0,0   2,8  21,2   23:34   NNW
22  20,2  27,3   17:46  14,5   05:44   1,1   3,0   0,0   3,7  21,2   02:07    NW
23  21,7  28,6   16:05  15,9   05:57   0,6   4,0   0,0   4,1  21,2   16:19    NW
24  24,8  31,0   17:58  19,2   07:03   0,0   6,5   0,0   3,5  27,0   02:35    NW
25  21,6  26,4   18:10  18,3   06:59   0,0   3,3   0,0   3,8  30,8   04:35     E
26  21,1  26,7   18:12  17,3   05:06   0,1   2,9   0,0   3,1  19,3   10:13   ENE
27  21,7  28,2   18:18  16,3   04:10   0,3   3,7   0,0   3,5  21,2   22:08     N
28  23,5  29,9   17:41  18,7   03:05   0,0   5,2   0,0   3,7  21,2   12:19    NW
29  23,9  30,1   17:16  19,2   04:54   0,0   5,6   0,0   3,5  17,4   04:47   NNW
30  23,7  30,2   17:57  18,0   06:25   0,0   5,4   0,0   3,3  17,4   02:07    NW
31  23,0  29,4   16:55  17,4   05:32   0,1   4,8   0,0   3,4  19,3   13:55   WNW
----------------------------------------------------------------------------------
    17,6  31,0    24     4,0     2    85,9  63,6 151,6   3,1  38,6    19       N

Max >=  30,0:  3
Max <=  20,0: 10
Min <=  20,0: 31
Min <=  15,0: 20
Max Rain: 48,3 on day 12
Days of Rain: 10 (>= 0,1 mm)  9 (>= 1,0 mm)  5 (>= 10,0 mm)
Heat Base: 18,3  Cool Base: 18,3  Method: Integration