Riassunti climatici stile NOAA



Report 2017 Marzo
´╗┐                   Monthly Climatological Summary for mar 2017

Name: www.meteoalbese.it   City: Albese con Cassano (CO)   State: Italia
Elevation: 410 m  Lat: N 46┬° 19' 60"   Lon: E 009┬° 15' 31"

                  Temperature (┬°C), Rain (mm), Wind Speed (km/h)

                                      Heat  Cool        Avg
    Mean                              Deg   Deg         Wind                 Dom
Day Temp  High   Time   Low    Time   Days  Days  Rain  Speed High   Time    Dir
----------------------------------------------------------------------------------
 1  10,2  15,6   15:01   5,2   07:53   8,0   0,0   0,0   3,5  30,8   04:10    NW
 2   9,8  15,4   15:39   5,1   07:12   8,5   0,0   0,0   2,6  21,2   12:59    NW
 3   7,8   9,2   11:07   6,2   06:35  10,5   0,0   3,0   1,7  15,5   00:41     N
 4   7,7   8,7   01:04   6,8   05:43  10,6   0,0  13,2   3,0  27,0   11:29   ESE
 5   8,5  11,5   15:11   6,6   07:23   9,8   0,0   0,0   1,8  21,2   12:10   ENE
 6   7,7  11,3   16:02   4,7   06:54  10,6   0,0   0,0   2,2  23,2   17:58     E
 7  10,8  14,2   14:42   4,9   00:00   7,5   0,0   0,0   5,2  40,6   19:29   WNW
 8  10,7  15,6   14:16   5,8   07:39   7,6   0,0   0,0   2,6  23,2   02:28   NNE
 9  12,2  20,1   16:32   6,0   06:43   6,3   0,2   0,0   2,7  19,3   01:03    NW
10  16,0  20,9   15:09   9,2   03:08   2,7   0,4   0,0   5,0  38,6   06:13   WNW
11  11,0  16,4   15:15   6,2   06:48   7,3   0,0   0,0   3,1  23,2   06:16   NNE
12   9,8  14,9   14:24   6,3   23:57   8,5   0,0   0,0   3,1  19,3   14:56   NNE
13   9,1  14,4   16:03   4,5   06:37   9,2   0,0   0,0   3,0  17,4   02:43   NNW
14  11,2  17,6   17:21   4,9   06:02   7,1   0,0   0,0   2,2  13,6   00:53     N
15  12,5  17,6   14:52   8,6   04:25   5,8   0,0   0,0   2,8  17,4   23:40   ENE
16  12,4  18,4   16:10   6,9   05:35   5,9   0,0   0,0   3,2  19,3   22:24   NNE
17  13,8  20,4   16:12   8,6   06:10   4,7   0,3   0,0   3,1  17,4   02:08    NW
18  13,6  20,4   14:31   8,1   06:52   5,0   0,2   0,0   3,5  21,2   14:10   WNW
19  13,8  21,3   16:07   8,7   05:27   4,8   0,3   0,0   1,8  15,5   13:30   ESE
20  13,1  17,7   16:39   9,6   04:34   5,2   0,0   0,0   2,0  17,4   14:52   ENE
21  12,9  14,1   15:45  11,4   23:56   5,4   0,0   2,8   1,2   9,6   13:50   ESE
22  11,2  12,2   16:40  10,4   10:26   7,1   0,0  18,1   2,1  17,4   20:07   ESE
23  11,1  12,7   15:07   9,8   23:56   7,2   0,0  10,6   2,2  19,3   00:18   ESE
24  10,7  12,9   15:20   9,2   03:16   7,6   0,0   1,0   1,7  13,6   02:41   WNW
25  14,3  20,1   15:27   8,7   05:42   4,3   0,3   2,3   2,8  17,4   11:44   ESE
26  10,7  14,9   16:13   7,7   06:08   7,3   0,0  13,2   2,7  19,3   03:19     W
27  10,5  16,3   17:29   7,5   06:17   7,8   0,0   0,3   2,3  21,2   23:24   NNE
28  12,5  20,1   18:01   6,6   06:30   6,0   0,2   0,0   2,4  15,5   13:00   NNW
29  15,5  22,9   16:48   9,4   07:31   3,8   1,0   0,0   3,0  19,3   23:36   NNW
30  16,8  23,2   16:33  11,3   05:06   2,8   1,3   0,0   3,1  19,3   21:51   NNW
31  17,2  22,8   16:49  12,2   08:16   2,3   1,2   0,0   3,3  19,3   01:42     N
----------------------------------------------------------------------------------
    11,8  23,2    30     4,5    13   207,2   5,4  64,5   2,7  40,6     7       N

Max >=  30,0:  0
Max <=  20,0: 21
Min <=  20,0: 31
Min <=  15,0: 31
Max Rain: 18,1 on day 22
Days of Rain: 9 (>= 0,1 mm)  8 (>= 1,0 mm)  4 (>= 10,0 mm)
Heat Base: 18,3  Cool Base: 18,3  Method: Integration