Riassunti climatici stile NOAA



Report 2017 Febbraio
´╗┐                   Monthly Climatological Summary for feb 2017

Name: www.meteoalbese.it   City: Albese con Cassano (CO)   State: Italia
Elevation: 410 m  Lat: N 46┬° 19' 60"   Lon: E 009┬° 15' 31"

                  Temperature (┬°C), Rain (mm), Wind Speed (km/h)

                                      Heat  Cool        Avg
    Mean                              Deg   Deg         Wind                 Dom
Day Temp  High   Time   Low    Time   Days  Days  Rain  Speed High   Time    Dir
----------------------------------------------------------------------------------
 1   4,1   6,1   14:23   0,9   01:29  14,2   0,0   0,5   1,0  11,6   11:50    SE
 2   5,3   5,7   18:11   4,7   00:00  13,0   0,0  15,5   1,0   9,6   21:55    SE
 3   6,1   7,7   15:32   5,3   03:50  12,2   0,0  26,2   1,7  17,4   10:49    SE
 4   5,1   6,7   11:21   2,7   22:29  13,2   0,0   6,3   1,5  17,4   23:48   ESE
 5   2,7   4,1   10:26   1,5   03:42  15,6   0,0  16,5   1,3  19,3   07:01   WNW
 6   6,9  12,1   16:33   3,1   00:00  11,4   0,0   2,1   2,2  27,0   16:14   ESE
 7   6,8  11,1   14:16   4,3   05:45  11,5   0,0   0,0   2,7  17,4   01:15   NNW
 8   5,6   6,1   12:02   4,6   00:31  12,7   0,0   0,0   1,1  13,6   10:22   ESE
 9   4,2   6,0   14:17   3,3   09:25  14,1   0,0   0,0   1,3  15,5   12:11   WSW
10   1,8   3,6   00:00   0,7   12:50  16,5   0,0  10,9   1,5  11,6   05:06     W
11   3,4   5,0   15:31   2,0   01:05  14,9   0,0   1,3   0,8   5,8   00:16    NW
12   5,4   8,3   15:43   3,7   03:12  12,9   0,0   0,0   1,1  11,6   20:05    NW
13   4,9   6,9   12:14   2,6   07:48  13,4   0,0   0,0   2,1  15,5   11:29     E
14   6,8  11,9   16:14   4,8   23:32  11,5   0,0   0,0   1,7  21,2   14:40    NW
15   8,0  15,1   15:30   3,5   05:17  10,3   0,0   0,0   2,9  17,4   00:53    NW
16   9,2  15,6   14:32   4,3   05:18   9,1   0,0   0,0   2,6  17,4   00:04   NNW
17   8,8  13,6   15:41   5,0   07:29   9,5   0,0   0,0   2,9  17,4   14:25    NW
18   7,0  12,3   15:25   3,3   07:18  11,3   0,0   0,0   2,1  15,5   23:40     N
19   6,0  10,0   16:23   2,9   08:14  12,3   0,0   0,0   3,0  17,4   00:24     N
20   5,3   9,3   15:50   2,1   07:29  13,0   0,0   0,0   2,5  15,5   00:14   ENE
21   7,3  13,7   16:02   3,0   06:23  11,0   0,0   0,0   2,1  23,2   13:15   WNW
22   7,4  12,4   16:15   2,4   07:33  10,9   0,0   0,0   2,4  21,2   12:45   WNW
23   7,8   9,8   15:04   5,4   05:54  10,5   0,0   0,0   1,4  15,5   04:47   ENE
24   9,3  13,1   14:23   6,9   01:26   9,0   0,0   0,0   1,8  23,2   20:59    NW
25   7,4  12,1   15:40   4,6   02:39  10,8   0,0   0,0   2,7  19,3   02:30    NW
26   7,6  13,0   14:10   3,1   05:41  10,7   0,0   0,0   2,2  15,5   00:01    NW
27   7,9  12,4   15:09   4,6   07:46  10,4   0,0   2,5   2,6  17,4   15:58     E
28   6,9   8,4   17:04   5,3   00:00  11,4   0,0  16,8   1,8  15,5   11:05    SE
----------------------------------------------------------------------------------
     6,3  15,6    16     0,7    10   337,3   0,0  98,6   1,9  27,0     6       N

Max >=  30,0:  0
Max <=  20,0: 28
Min <=  20,0: 28
Min <=  15,0: 28
Max Rain: 26,2 on day 3
Days of Rain: 10 (>= 0,1 mm)  9 (>= 1,0 mm)  5 (>= 10,0 mm)
Heat Base: 18,3  Cool Base: 18,3  Method: Integration