Riassunti climatici stile NOAA



Report 2017 Gennaio
´╗┐                   Monthly Climatological Summary for gen 2017

Name: www.meteoalbese.it   City: Albese con Cassano (CO)   State: Italia
Elevation: 410 m  Lat: N 46┬° 19' 60"   Lon: E 009┬° 15' 31"

                  Temperature (┬°C), Rain (mm), Wind Speed (km/h)

                                      Heat  Cool        Avg
    Mean                              Deg   Deg         Wind                 Dom
Day Temp  High   Time   Low    Time   Days  Days  Rain  Speed High   Time    Dir
----------------------------------------------------------------------------------
 1   4,2   9,5   15:56   0,8   07:38  14,1   0,0   0,0   2,0  17,4   17:20   NNW
 2   4,4   8,8   12:24   1,1   06:52  13,9   0,0   0,0   1,5  15,5   18:29   WNW
 3   4,4   7,8   05:34   1,4   22:37  13,9   0,0   0,0   2,6  34,8   04:53     E
 4   5,2  12,0   18:26   0,0   08:15  13,1   0,0   0,0   3,9  38,6   20:14   WNW
 5   4,0   6,7   00:09   0,9   23:46  14,3   0,0   0,0   4,6  36,7   10:39   WNW
 6   0,1   3,4   15:32  -2,8   23:52  18,2   0,0   0,0   2,5  19,3   08:35   NNE
 7  -2,0   1,6   15:41  -4,3   05:51  20,3   0,0   0,0   2,4  17,4   03:57     N
 8  -2,5   1,3   14:46  -4,7   06:35  20,8   0,0   0,0   2,2  15,5   02:30    NE
 9  -0,7   4,8   15:29  -4,8   05:08  19,0   0,0   0,0   1,7  15,5   14:12     E
10  -0,7   1,0   09:58  -2,3   04:25  19,0   0,0   0,0   1,2  13,6   01:38    SE
11  -1,8  -1,2   14:35  -3,1   22:45  20,1   0,0   0,0   1,8  11,6   05:42     S
12   0,7   3,4   11:45  -2,9   00:05  17,6   0,0   3,0   2,8  34,8   01:57   WNW
13   1,6   6,1   15:43  -1,5   00:14  16,7   0,0   3,9   4,4  44,4   17:11   WNW
14   4,1   7,9   15:17  -0,9   08:13  14,2   0,0   0,0   3,7  30,8   12:51    NW
15   3,6   6,4   12:43  -0,9   23:23  14,7   0,0   0,7   3,3  30,8   00:42   NNW
16   1,1   4,6   15:36  -2,6   04:18  17,2   0,0   0,0   2,5  23,2   13:12   NNW
17   2,2   5,6   16:00  -0,4   23:51  16,1   0,0   0,0   3,3  28,9   01:42   NNW
18   0,9   5,4   15:27  -2,4   06:11  17,4   0,0   0,0   2,0  15,5   00:22   NNW
19   1,4   5,9   16:03  -1,3   07:39  16,9   0,0   0,0   2,3  15,5   04:49    NE
20   1,4   6,3   16:00  -1,5   05:00  16,9   0,0   0,0   2,2  17,4   00:12     N
21   1,8   6,7   15:41  -1,2   07:30  16,5   0,0   0,0   2,3  17,4   18:44     N
22   2,7   8,8   15:38  -0,8   06:20  15,6   0,0   0,0   2,2  17,4   04:55    NW
23   3,6   8,8   15:27   0,1   07:22  14,7   0,0   0,0   2,1  17,4   18:54   WNW
24   4,4  11,2   15:50   0,3   05:43  13,9   0,0   0,0   1,7  15,5   23:11    NW
25   3,3   7,7   15:41  -0,2   07:55  15,0   0,0   0,0   2,6  19,3   02:01    NE
26   1,5   4,9   15:13  -0,7   22:41  16,8   0,0   0,0   2,6  15,5   15:22    NE
27   1,4   5,1   15:07  -1,6   06:16  16,9   0,0   0,0   1,2  19,3   06:52   WNW
28   2,1   5,7   15:34   0,2   22:24  16,2   0,0   0,0   1,2  11,6   12:58     W
29   2,3   6,8   15:17  -0,7   02:41  16,0   0,0   0,0   1,5  11,6   11:06   ESE
30   3,2   6,3   14:26  -0,1   03:54  15,0   0,0   0,0   1,0  13,6   12:13    SE
31   3,2   4,9   15:37   1,4   23:15  15,0   0,0   0,0   0,7   7,7   13:45    SE
----------------------------------------------------------------------------------
     2,0  12,0     4    -4,8     9   506,0   0,0   7,6   2,3  44,4    13     NNW

Max >=  30,0:  0
Max <=  20,0: 31
Min <=  20,0: 31
Min <=  15,0: 31
Max Rain: 3,9 on day 13
Days of Rain: 3 (>= 0,1 mm)  2 (>= 1,0 mm)  0 (>= 10,0 mm)
Heat Base: 18,3  Cool Base: 18,3  Method: Integration