Riassunti climatici stile NOAA



Report 2016 Novembre
´╗┐                   Monthly Climatological Summary for nov 2016

Name: www.meteoalbese.it   City: Albese con Cassano (CO)   State: Italia
Elevation: 410 m  Lat: N 46┬° 19' 60"   Lon: E 009┬° 15' 31"

                  Temperature (┬°C), Rain (mm), Wind Speed (km/h)

                                      Heat  Cool        Avg
    Mean                              Deg   Deg         Wind                 Dom
Day Temp  High   Time   Low    Time   Days  Days  Rain  Speed High   Time    Dir
----------------------------------------------------------------------------------
 1  11,3  15,0   12:34   9,1   20:46   7,0   0,0   0,0   3,4  15,1   19:19    NW
 2  11,5  15,5   10:46   8,7   23:37   6,8   0,0   0,0   3,4  21,1   20:08    NW
 3  10,6  14,3   13:04   7,2   07:06   7,7   0,0   0,0   4,8  19,4   13:34     E
 4  10,0  12,6   12:56   8,2   18:29   8,3   0,0   0,0   2,6  15,7   11:48   NNE
 5   8,3   9,0   00:12   7,5   05:51  10,0   0,0  26,3   1,5   9,2   07:59   WSW
 6   8,2   9,2   10:52   5,4   23:17  10,1   0,0   7,9   2,3  25,9   21:46     N
 7   7,2  11,8   15:02   3,6   07:25  11,1   0,0   0,0   5,7  23,8   18:44     N
 8   6,0  10,7   15:15   3,0   23:49  12,3   0,0   0,0   3,6  19,4   02:14     N
 9   4,4   7,9   13:47   1,6   05:11  13,9   0,0   0,0   4,2  21,1   01:21     N
10   5,0  10,4   14:48   1,3   03:48  13,3   0,0   0,0   4,3  17,8   07:37   NNE
11   6,0  10,2   23:55   2,2   04:10  12,3   0,0   1,6   5,0  31,3   16:39   NNW
12   8,7  13,8   12:21   5,0   23:19   9,6   0,0   0,0   5,9  31,3   00:02     N
13   6,0   9,8   15:22   4,2   04:37  10,5   0,0   0,0   2,9  16,7   01:38   NNE
14   5,4   7,0   14:41   2,7   21:52  12,9   0,0   0,0   3,2  14,6   07:27   NNW
15   3,8   5,6   15:22   1,9   21:59  14,5   0,0   0,0   2,6  13,5   14:44     N
16   4,6   8,8   13:32   1,1   03:31  13,7   0,0   0,0   2,4  14,0   07:56   ENE
17   4,9   6,6   16:22   2,2   05:24  13,4   0,0   0,0   1,8  11,9   00:48     W
18   5,9   7,1   11:01   4,8   02:28  12,4   0,0   7,9   2,3   9,7   18:49    SE
19   7,0   8,5   23:29   6,2   00:00  11,3   0,0  11,3   2,5  14,0   22:52    SE
20   7,4   8,7   00:42   6,3   03:26  10,9   0,0   2,7   2,8  15,7   00:25   WNW
21   8,8  10,1   22:20   7,6   03:38   9,5   0,0  42,9   2,3  11,9   02:00    SE
22  11,0  11,8   15:53  10,1   00:00   7,3   0,0  51,9   2,7  20,5   21:07    SE
23  11,1  12,1   23:04  10,3   04:44   7,2   0,0   3,2   2,1  13,0   14:34   SSW
24  11,0  12,5   02:18  10,2   22:37   7,3   0,0   6,9   2,7  17,3   11:20   WNW
25  10,8  11,7   11:25  10,0   03:12   7,5   0,0  47,7   2,3  15,1   11:17    SE
26  10,0  13,7   15:22   7,6   23:07   8,3   0,0   4,4   3,7  18,9   20:10   NNW
27   8,3  11,4   14:33   5,9   21:23  10,0   0,0   0,0   3,9  17,3   23:00     N
28   8,0  11,1   13:13   4,8   23:57  10,3   0,0   0,0   3,3  21,1   20:29   SSE
29   2,7   4,8   00:00   0,5   20:17  15,6   0,0   0,0   5,7  19,4   01:52   NNW
30   2,8   7,6   15:32   0,0   06:19  15,5   0,0   0,0   4,3  18,4   02:27     N
----------------------------------------------------------------------------------
     7,6  15,5     2     0,0    30   320,5   0,0 214,7   3,3  31,3    11       N

Max >=  30,0:  0
Max <=  20,0: 30
Min <=  20,0: 30
Min <=  15,0: 30
Max Rain: 51,9 on day 22
Days of Rain: 12 (>= 0,1 mm)  12 (>= 1,0 mm)  5 (>= 10,0 mm)
Heat Base: 18,3  Cool Base: 18,3  Method: Integration