Riassunti climatici stile NOAA



Report 2016 Ottobre
´╗┐                   Monthly Climatological Summary for ott 2016

Name: www.meteoalbese.it   City: Albese con Cassano (CO)   State: Italia
Elevation: 410 m  Lat: N 46┬° 19' 60"   Lon: E 009┬° 15' 31"

                  Temperature (┬°C), Rain (mm), Wind Speed (km/h)

                                      Heat  Cool        Avg
    Mean                              Deg   Deg         Wind                 Dom
Day Temp  High   Time   Low    Time   Days  Days  Rain  Speed High   Time    Dir
----------------------------------------------------------------------------------
 1  15,8  19,7   14:33  13,9   02:12   2,6   0,1  12,7   3,8  17,3   20:21     N
 2  16,3  21,1   14:49  14,4   01:27   2,4   0,4   3,1   4,0  17,8   20:41   NNW
 3  16,4  22,5   16:49  12,1   23:38   2,8   0,9   0,0   7,3  30,8   07:15     N
 4  14,9  21,3   15:02  10,7   06:57   4,0   0,5   0,0   6,4  24,3   02:54   NNW
 5  14,2  18,5   14:30  10,8   06:34   4,1   0,0   0,0   7,4  21,1   11:53   ESE
 6  11,1  14,4   17:33   8,1   23:46   7,2   0,0   0,0   5,3  21,6   19:23    NE
 7  11,2  17,3   17:18   7,2   06:59   7,0   0,0   0,0   6,6  21,6   12:24   NNW
 8  11,7  16,1   14:03   8,4   05:30   6,6   0,0   0,0   5,5  23,8   02:16     N
 9  10,1  11,8   00:00   7,4   23:55   8,2   0,0   4,8   2,8  31,9   19:57   NNW
10   9,0  13,7   15:41   6,2   08:09   9,3   0,0   6,4   5,1  18,4   20:04   NNW
11   8,6  12,0   16:26   5,3   22:37   9,7   0,0   0,0   5,0  20,5   22:41   NNW
12   8,3  14,6   15:23   4,3   05:28  10,0   0,0   0,0   6,4  22,7   19:19     N
13   8,1   9,7   11:15   6,8   21:00  10,2   0,0   3,7   3,7  21,1   00:43   NNW
14   8,8  12,4   16:56   7,1   00:35   9,5   0,0  39,1   3,5  35,1   16:25   WNW
15  11,7  13,3   17:14  10,0   23:34   6,6   0,0  24,8   2,2   9,7   06:13   ESE
16  12,9  18,2   14:43   8,7   06:57   5,3   0,0   0,0   4,3  20,5   20:35   NNE
17  13,5  16,4   13:31  11,8   06:48   4,8   0,0   0,0   3,7  19,4   23:07     N
18  13,4  18,1   13:41  10,2   07:37   4,9   0,0   0,0   4,3  18,9   21:49     N
19  12,9  14,9   14:06  11,2   23:56   5,4   0,0   1,3   1,9  13,0   19:43   NNE
20  11,3  15,6   13:47   8,3   08:06   7,0   0,0   0,0   5,5  20,5   14:29     E
21  10,2  15,1   16:19   6,7   08:01   8,1   0,0   0,0   4,7  19,4   21:21   NNE
22   9,7  13,0   11:41   7,0   22:53   8,6   0,0   0,0   4,5  18,4   11:36     N
23   9,1  10,1   15:00   7,8   00:00   9,2   0,0   3,9   2,6  15,1   01:48   NNW
24  10,4  12,1   16:26   9,1   00:07   7,9   0,0   2,1   1,2   8,6   08:35     W
25  11,9  12,7   14:43  10,8   00:46   6,4   0,0   3,2   1,9  17,3   17:58   WSW
26  13,0  16,3   15:09  10,4   08:07   5,3   0,0  13,7   2,5  14,6   11:19   SSE
27  13,0  16,7   13:55  10,0   06:20   5,3   0,0   0,0   4,4  18,4   07:05   NNW
28  12,0  14,7   15:32   9,5   23:14   6,3   0,0   0,0   4,1  17,8   21:14   NNE
29  11,8  17,8   15:59   8,2   08:35   6,4   0,0   0,0   5,1  23,8   06:32   NNW
30  12,4  17,4   15:06   9,5   06:31   6,2   0,0   0,0   5,5  19,4   05:24     N
31  10,8  13,7   14:04   9,0   07:17   7,5   0,0   0,0   5,2  18,4   02:47   NNE
----------------------------------------------------------------------------------
    11,8  22,5     3     4,3    12   204,8   1,9 118,8   4,4  35,1    14       N

Max >=  30,0:  0
Max <=  20,0: 28
Min <=  20,0: 31
Min <=  15,0: 31
Max Rain: 39,1 on day 14
Days of Rain: 12 (>= 0,1 mm)  12 (>= 1,0 mm)  4 (>= 10,0 mm)
Heat Base: 18,3  Cool Base: 18,3  Method: Integration