Riassunti climatici stile NOAA



Report 2016 Settembre
´╗┐                   Monthly Climatological Summary for set 2016

Name: www.meteoalbese.it   City: Albese con Cassano (CO)   State: Italia
Elevation: 410 m  Lat: N 46┬° 19' 60"   Lon: E 009┬° 15' 31"

                  Temperature (┬°C), Rain (mm), Wind Speed (km/h)

                                      Heat  Cool        Avg
    Mean                              Deg   Deg         Wind                 Dom
Day Temp  High   Time   Low    Time   Days  Days  Rain  Speed High   Time    Dir
----------------------------------------------------------------------------------
 1  22,8  28,9   15:48  18,5   07:11   0,0   4,5   0,0   6,0  21,1   16:41   NNW
 2  23,5  29,1   15:53  19,9   07:00   0,0   5,2   0,0   6,2  22,7   22:51     N
 3  23,6  29,8   16:38  19,8   05:53   0,0   5,3   0,0   6,1  23,2   01:58   NNW
 4  23,3  27,7   13:25  19,8   06:42   0,0   5,0   0,0   4,9  22,7   02:05   NNW
 5  24,3  29,6   16:42  19,7   02:31   0,0   6,0   0,0   5,1  30,8   05:01   NNW
 6  22,2  29,2   16:17  16,2   05:30   0,3   4,2   0,0   5,4  32,4   20:17   NNE
 7  20,5  27,9   16:02  14,5   06:24   0,9   3,2   0,0   6,1  21,1   04:04   NNE
 8  22,0  27,8   17:24  18,1   07:11   0,0   3,7   0,0   5,3  21,1   00:06   NNW
 9  22,7  29,6   16:46  18,5   07:00   0,0   4,4   0,0   5,8  20,5   00:53     N
10  23,3  29,4   16:08  19,3   06:35   0,0   5,0   0,0   5,9  21,6   22:03     N
11  22,7  28,9   15:12  17,4   04:23   0,1   4,5   1,8   6,2  24,3   16:39   NNE
12  22,9  29,0   17:39  18,6   06:57   0,0   4,6   0,0   5,3  20,5   20:52    NW
13  22,9  29,3   15:59  18,7   07:04   0,0   4,6   0,0   5,6  19,4   22:40   NNW
14  22,6  28,6   16:39  18,7   07:42   0,0   4,3   0,0   5,5  21,1   19:54   NNW
15  19,2  23,0   17:11  16,1   10:30   0,4   1,3  67,9   5,1  21,1   12:07     E
16  17,7  21,8   11:56  15,5   23:49   1,1   0,5   5,0   3,7  23,8   14:13   WSW
17  16,7  21,6   15:18  12,2   07:11   2,2   0,7   0,6   4,3  18,9   22:25    NE
18  15,9  21,8   15:20  13,2   07:18   2,7   0,3   3,7   4,7  21,1   21:42   NNW
19  19,3  25,7   15:30  13,1   07:01   1,5   2,6   0,0   6,5  25,4   21:17     N
20  18,6  23,7   16:15  15,2   04:40   1,1   1,4   0,0   5,1  25,4   22:04   NNE
21  15,4  18,4   16:09  13,3   07:00   2,9   0,0  17,4   3,3  24,8   06:14   NNE
22  15,3  19,7   17:40  13,4   22:51   3,1   0,1   0,0   3,7  20,5   20:46   NNE
23  16,5  21,3   15:58  13,4   06:38   2,4   0,6   0,0   5,5  24,3   20:15   NNE
24  17,0  22,8   16:08  13,4   03:35   2,2   0,9   0,0   6,4  21,1   22:13     N
25  17,0  23,1   16:53  13,1   07:16   2,4   1,1   0,0   6,4  23,2   23:18   NNW
26  17,1  23,4   16:16  13,4   07:40   2,3   1,1   0,0   6,3  24,3   22:16     N
27  17,2  22,9   15:28  14,1   04:41   2,0   0,9   0,0   6,4  21,1   03:08     N
28  17,6  23,3   16:23  14,0   06:17   1,8   1,1   0,0   6,0  21,6   00:05   NNW
29  17,7  23,1   16:29  14,4   05:11   1,7   1,1   0,0   5,9  21,1   21:35   NNW
30  17,3  22,3   16:24  13,9   06:04   1,8   0,8   0,0   4,5  20,5   02:01   NNW
----------------------------------------------------------------------------------
    19,8  29,8     3    12,2    17    32,9  79,0  96,4   5,5  32,4     6       N

Max >=  30,0:  0
Max <=  20,0:  2
Min <=  20,0: 30
Min <=  15,0: 14
Max Rain: 67,9 on day 15
Days of Rain: 6 (>= 0,1 mm)  5 (>= 1,0 mm)  2 (>= 10,0 mm)
Heat Base: 18,3  Cool Base: 18,3  Method: Integration