Riassunti climatici stile NOAA



Report 2016 Agosto
´╗┐                   Monthly Climatological Summary for ago 2016

Name: www.meteoalbese.it   City: Albese con Cassano (CO)   State: Italia
Elevation: 410 m  Lat: N 46┬° 19' 60"   Lon: E 009┬° 15' 31"

                  Temperature (┬°C), Rain (mm), Wind Speed (km/h)

                                      Heat  Cool        Avg
    Mean                              Deg   Deg         Wind                 Dom
Day Temp  High   Time   Low    Time   Days  Days  Rain  Speed High   Time    Dir
----------------------------------------------------------------------------------
 1  21,6  28,6   15:09  15,8   05:41   0,4   3,7   0,0   5,2  22,1   17:32   ENE
 2  22,5  27,8   17:06  17,9   06:26   0,0   4,2   0,0   4,8  18,9   11:11     N
 3  23,2  29,5   17:26  18,5   06:40   0,0   4,9   0,0   5,8  19,4   22:22     N
 4  24,5  30,3   16:50  20,4   06:24   0,0   6,2   2,2   5,3  55,1   23:13     N
 5  18,4  21,8   01:13  14,0   11:55   0,8   0,9  55,3   6,2  56,2   12:41   NNW
 6  21,9  28,6   17:25  16,2   06:04   0,3   3,8   0,0   5,4  23,2   02:37     N
 7  22,0  28,1   16:48  17,2   01:24   0,1   3,8   0,0   5,5  21,1   01:46   NNW
 8  22,1  28,4   16:35  17,3   06:11   0,1   3,9   0,0   6,2  24,3   23:07     N
 9  22,3  27,7   15:44  18,4   05:16   0,0   4,0   0,0   5,0  21,1   02:16   NNW
10  21,2  26,3   15:25  15,7   07:02   0,3   3,2   0,6   4,5  24,3   15:37    NW
11  18,5  24,8   16:41  12,6   06:11   1,7   2,0   0,0   5,6  24,3   20:42     N
12  18,7  24,8   18:00  13,6   05:09   1,6   2,0   0,0   6,3  21,1   05:40     N
13  20,3  27,0   16:42  15,0   05:59   0,9   2,9   0,0   6,3  23,8   01:02     N
14  22,3  29,1   17:03  17,3   06:02   0,2   4,1   0,0   6,2  23,2   23:51     N
15  23,5  29,8   15:35  18,8   07:11   0,0   5,2   0,3   5,8  24,3   22:57   NNW
16  23,3  28,5   18:56  19,0   06:26   0,0   5,0   0,0   5,6  21,1   13:48    NW
17  22,1  30,0   16:35  17,0   07:03   0,1   4,0   0,8   4,7  22,1   18:26   NNW
18  21,4  26,9   14:21  17,2   06:47   0,1   3,1   8,4   5,0  21,1   21:52    NW
19  21,2  26,4   17:33  18,3   01:35   0,0   2,9   0,0   4,2  19,4   13:02   ENE
20  19,9  22,2   09:02  18,3   21:32   0,0   1,6  17,7   3,7  23,8   11:34   NNW
21  22,2  27,9   16:23  17,8   05:49   0,0   3,9   0,0   5,2  41,0   23:16    NW
22  20,6  27,1   18:04  14,3   07:07   0,7   3,0   0,0   6,4  40,5   00:41     N
23  20,9  27,5   17:14  15,9   06:20   0,6   3,2   0,0   6,8  24,8   20:42   NNE
24  22,3  28,9   15:31  17,5   07:19   0,1   4,0   0,0   6,2  21,1   03:40     N
25  22,6  28,9   17:30  18,2   06:48   0,0   4,3   0,0   6,9  22,1   00:58     N
26  22,0  26,7   16:55  18,5   05:21   0,0   3,7   0,0   6,1  21,1   21:26   NNE
27  22,9  29,3   16:49  18,5   06:29   0,0   4,6   0,0   6,3  22,7   23:43     N
28  23,6  30,2   17:55  19,2   06:46   0,0   5,3   0,0   6,1  23,8   00:37   NNW
29  23,8  29,4   14:47  19,5   06:45   0,0   5,5   0,0   4,1  18,9   03:18     N
30  20,0  23,2   18:13  17,4   06:53   0,1   1,8   1,9   5,1  19,4   12:58   NNW
31  22,4  27,7   16:36  19,1   00:23   0,0   4,1   0,0   5,8  19,4   03:44   NNW
----------------------------------------------------------------------------------
    21,7  30,3     4    12,6    11     8,1 114,8  87,2   5,5  56,2     5       N

Max >=  30,0:  3
Max <=  20,0:  0
Min <=  20,0: 30
Min <=  15,0:  5
Max Rain: 55,3 on day 5
Days of Rain: 8 (>= 0,1 mm)  5 (>= 1,0 mm)  2 (>= 10,0 mm)
Heat Base: 18,3  Cool Base: 18,3  Method: Integration