Riassunti climatici stile NOAA



Report 2016 Giugno
´╗┐                   Monthly Climatological Summary for giu 2016

Name: www.meteoalbese.it   City: Albese con Cassano (CO)   State: Italia
Elevation: 410 m  Lat: N 46┬° 19' 60"   Lon: E 009┬° 15' 31"

                  Temperature (┬°C), Rain (mm), Wind Speed (km/h)

                                      Heat  Cool        Avg
    Mean                              Deg   Deg         Wind                 Dom
Day Temp  High   Time   Low    Time   Days  Days  Rain  Speed High   Time    Dir
----------------------------------------------------------------------------------
 1  15,4  20,2   17:57  11,5   05:16   3,0   0,1   1,6   4,2  15,7   02:07    NW
 2  15,7  20,3   19:01  13,4   03:12   2,7   0,1   1,8   3,5  18,9   20:31   WNW
 3  16,5  20,5   14:32  13,3   05:56   2,1   0,3   0,0   3,5  15,1   17:47   NNW
 4  16,0  21,4   19:04  13,2   06:50   2,6   0,3  36,7   3,3  15,7   22:12   ENE
 5  16,9  23,2   13:24  13,2   03:58   2,2   0,8   0,2   4,8  19,4   14:57   NNW
 6  18,9  25,3   17:28  13,9   03:51   1,3   1,9   0,3   6,0  23,8   16:29    NE
 7  19,1  27,0   15:17  15,7   23:07   1,0   1,9  11,9   5,9  21,1   18:54   NNW
 8  19,1  26,3   15:24  14,8   03:33   1,1   1,9   2,8   4,8  23,8   05:02    NW
 9  17,7  23,2   14:05  14,1   05:08   1,4   0,8   0,0   3,5  15,7   19:12    SE
10  18,9  25,6   17:18  13,0   05:17   1,5   2,1   0,0   5,2  18,9   17:47   NNW
11  17,9  22,1   18:00  15,2   07:46   1,1   0,7   7,5   4,2  17,8   02:27    NE
12  18,0  24,0   16:44  14,2   06:02   1,4   1,1   0,0   3,9  15,7   17:24   NNW
13  19,4  25,7   15:24  14,6   04:54   0,9   2,1   0,0   5,3  18,4   15:14   NNW
14  17,7  23,8   15:18  12,9   06:12   1,8   1,2  44,7   5,1  24,8   23:26   NNE
15  16,6  23,1   15:07  11,1   05:55   2,5   0,8   1,5   4,4  17,8   14:16   NNW
16  17,5  22,0   14:53  15,0   01:48   1,2   0,4  38,6   5,1  34,6   17:34    SE
17  17,5  22,9   16:01  11,4   06:27   1,9   1,1   3,9   4,6  31,9   05:43     N
18  16,3  22,6   16:06  12,7   06:08   2,8   0,8   4,9   4,9  23,2   22:46   NNE
19  16,7  22,8   13:12  12,6   04:19   2,4   0,8   0,0   5,2  20,5   14:00     E
20  20,2  27,4   17:31  13,6   01:45   1,3   3,2   0,0   4,8  21,1   22:24   NNW
21  21,6  26,8   12:55  17,0   04:05   0,1   3,5   0,0   5,5  20,5   05:56   NNW
22  23,5  30,6   17:00  17,3   06:04   0,1   5,3   0,0   6,2  20,5   20:59     N
23  25,4  32,5   16:31  19,6   05:06   0,0   7,1   0,0   5,9  18,9   21:11     N
24  26,1  32,5   16:39  21,3   06:01   0,0   7,8   0,0   6,0  24,3   01:37   NNW
25  23,9  29,1   15:10  18,7   10:32   0,0   5,6  20,7   6,8  41,0   15:15   NNW
26  22,8  28,4   17:09  17,2   23:48   0,0   4,1   5,0   5,7  40,0   20:34     N
27  22,1  28,1   18:21  15,8   02:13   0,5   4,3   0,0   5,9  28,6   10:32   NNW
28  21,9  28,2   18:20  17,1   05:15   0,2   3,8   0,0   5,8  20,5   20:49   NNW
29  23,3  29,1   16:22  18,6   04:58   0,0   5,0   0,0   6,3  21,1   12:11   NNE
30  22,6  28,4   16:18  17,4   06:42   0,0   4,3   8,1   4,5  27,0   06:26   NNW
----------------------------------------------------------------------------------
    19,5  32,5    23    11,1    15    37,1  73,2 190,2   5,0  41,0    25       N

Max >=  30,0:  3
Max <=  20,0:  0
Min <=  20,0: 29
Min <=  15,0: 18
Max Rain: 44,7 on day 14
Days of Rain: 16 (>= 0,1 mm)  14 (>= 1,0 mm)  5 (>= 10,0 mm)
Heat Base: 18,3  Cool Base: 18,3  Method: Integration