Riassunti climatici stile NOAA



Report 2016 Maggio
´╗┐                   Monthly Climatological Summary for mag 2016

Name: www.meteoalbese.it   City: Albese con Cassano (CO)   State: Italia
Elevation: 410 m  Lat: N 46┬° 19' 60"   Lon: E 009┬° 15' 31"

                  Temperature (┬°C), Rain (mm), Wind Speed (km/h)

                                      Heat  Cool        Avg
    Mean                              Deg   Deg         Wind                 Dom
Day Temp  High   Time   Low    Time   Days  Days  Rain  Speed High   Time    Dir
----------------------------------------------------------------------------------
 1   8,6  10,9   17:45   6,8   05:39   9,7   0,0  14,4   4,7  18,4   20:04   WNW
 2  12,9  18,4   13:44   6,8   03:52   5,4   0,0   0,0   4,9  24,3   13:01   WNW
 3  16,9  22,8   16:06  10,8   04:17   2,7   1,3   0,0   6,9  31,3   17:54   NNW
 4  17,3  23,0   16:34  13,1   06:42   2,1   1,0   0,0   8,4  36,7   05:14   NNW
 5  14,3  20,1   17:36   9,9   10:13   4,1   0,2   0,2   5,3  18,9   09:04   NNW
 6  15,7  22,1   15:52  10,1   07:00   3,5   0,9   0,0   6,2  23,8   03:23   NNW
 7  16,8  22,7   15:57  12,3   07:02   2,5   1,1   0,0   6,3  21,6   14:39   NNE
 8  17,0  22,0   15:23  13,1   06:48   2,0   0,7   0,0   4,9  21,1   15:24     E
 9  13,3  15,6   00:00  11,8   06:13   5,0   0,0   3,6   3,9  15,7   12:34     W
10  13,1  16,0   14:16  11,5   04:54   5,2   0,0   7,8   3,4  15,7   14:10    NW
11  12,9  13,7   02:26  11,9   23:50   5,4   0,0  58,9   2,9  18,4   22:58    SE
12  11,6  13,7   17:12  10,3   23:20   6,7   0,0  39,0   3,3  14,0   19:40   SSE
13  13,1  17,6   19:18   9,9   04:06   5,2   0,0   1,0   3,6  15,1   14:41    NW
14  16,0  23,0   17:49  11,4   05:06   3,0   0,7   0,0   4,6  20,5   15:00    NW
15  15,4  21,5   15:19   9,1   06:06   3,5   0,6   0,0   6,7  42,1   18:41   NNW
16  12,2  18,3   15:47   8,9   02:14   6,1   0,0   2,4   4,6  18,9   11:39   NNE
17  13,8  20,6   17:18   7,1   06:30   4,8   0,3   0,0   5,5  23,2   23:29   NNE
18  14,8  19,5   16:54  10,4   04:09   3,7   0,1   1,0   5,1  22,7   00:12   NNW
19  10,7  13,3   13:13   8,7   23:40   7,6   0,0  34,9   4,5  36,7   15:23     N
20  15,6  23,7   17:21   7,4   03:10   4,0   1,3   0,0   5,2  22,7   21:28   NNW
21  18,5  25,4   15:46  12,7   06:19   2,0   2,1   0,0   6,1  21,1   04:27   NNW
22  17,6  24,0   12:27  14,4   05:21   1,1   0,7   0,0   5,5  19,4   03:46     N
23  14,0  19,3   00:18   9,0   12:32   4,3   0,0  11,6   6,0  40,5   17:01    NE
24  17,0  24,9   16:21   9,7   06:37   3,2   1,9   0,0   5,5  21,1   08:30   WNW
25  16,8  23,5   15:35  10,8   05:00   2,6   1,1   0,0   5,4  18,9   16:25    NW
26  18,7  25,2   15:30  12,4   05:26   1,8   2,2   0,0   5,2  20,5   21:32   NNE
27  20,7  26,9   17:34  15,3   02:57   0,8   3,2   0,0   6,0  23,2   03:33     N
28  21,6  27,3   15:38  16,8   05:31   0,2   3,5   0,0   4,9  23,2   02:32    NE
29  16,6  21,3   00:00  14,0   21:26   2,2   0,5  23,0   4,3  18,9   11:15    SE
30  14,6  16,9   17:38  13,1   23:56   3,7   0,0   6,2   2,6  15,7   14:01    SE
31  13,9  19,3   12:48  11,2   15:38   4,4   0,0  12,6   4,8  19,4   23:11     N
----------------------------------------------------------------------------------
    15,2  27,3    28     6,8     1   118,5  23,4 216,6   5,1  42,1    15       N

Max >=  30,0:  0
Max <=  20,0: 13
Min <=  20,0: 31
Min <=  15,0: 29
Max Rain: 58,9 on day 11
Days of Rain: 14 (>= 0,1 mm)  13 (>= 1,0 mm)  7 (>= 10,0 mm)
Heat Base: 18,3  Cool Base: 18,3  Method: Integration