Riassunti climatici stile NOAA



Report 2016 Marzo
´╗┐                   Monthly Climatological Summary for mar 2016

Name: www.meteoalbese.it   City: Albese con Cassano (CO)   State: Italia
Elevation: 410 m  Lat: N 46┬° 19' 60"   Lon: E 009┬° 15' 31"

                  Temperature (┬°C), Rain (mm), Wind Speed (km/h)

                                      Heat  Cool        Avg
    Mean                              Deg   Deg         Wind                 Dom
Day Temp  High   Time   Low    Time   Days  Days  Rain  Speed High   Time    Dir
----------------------------------------------------------------------------------
 1  10,5  15,9   15:44   5,0   03:32   7,8   0,0   0,0   7,1  21,2   14:05    NW
 2   8,6  13,1   13:24   5,0   06:50   9,7   0,0   8,7   6,8  20,5   20:22   ENE
 3   8,9  13,4   14:42   4,9   23:46   9,4   0,0   0,0   9,3  39,2   03:07    NW
 4   7,1  11,0   14:14   3,2   07:07  11,2   0,0   0,0   4,0  12,6   04:43    NE
 5   3,2   7,1   01:10   1,1   11:38  15,1   0,0  75,9   6,0  15,8   02:29    SW
 6   2,9   8,3   15:51   0,0   06:09  15,4   0,0   0,0   4,8  11,9   22:10     N
 7   4,3  10,0   16:26  -0,5   05:21  14,0   0,0   0,0   5,5  13,0   13:30   NNW
 8   4,5  10,7   14:44   0,2   06:49  13,8   0,0   0,0   5,0  17,3   14:51    NE
 9   4,9  10,4   14:20   0,8   01:15  13,4   0,0   0,0   4,9  14,0   12:08    NW
10   7,6  14,1   15:32   3,2   07:18  10,7   0,0   0,0   5,7  15,8   15:48     N
11   8,4  13,8   14:44   4,1   05:00   9,9   0,0   0,0   5,5  12,6   01:15   NNW
12   9,6  14,5   15:20   5,0   06:22   8,7   0,0   0,0   5,0  13,7   20:05     N
13   8,8  11,6   14:13   6,5   07:16   9,5   0,0   0,0   5,5  12,6   13:34    NW
14   8,0  11,2   15:07   5,5   23:59  10,3   0,0   2,2   4,7  13,0   10:57   NNW
15   7,4  12,6   13:45   3,6   07:27  10,9   0,0   6,5   6,4  16,9   23:35   NNW
16   4,7   8,2   14:02   2,2   05:31  13,6   0,0   3,4   7,8  22,0   05:32    SE
17   7,4  13,3   15:42   3,0   06:27  10,9   0,0   0,0   6,1  12,2   14:59     N
18   9,5  17,0   15:24   3,7   05:00   8,8   0,0   0,0   6,1  12,2   23:28   NNW
19  11,2  17,9   16:00   5,1   06:52   7,1   0,0   0,0   6,7  14,0   00:23    NW
20  10,4  16,4   15:43   4,9   06:28   7,9   0,0   0,0   5,9  12,2   13:43   NNW
21  11,1  16,9   14:42   6,4   05:43   7,2   0,0   0,0   7,3  16,2   13:22    NE
22  11,1  15,5   15:31   6,7   06:24   7,2   0,0   0,0   6,1  14,0   15:19   ESE
23   9,8  15,1   15:21   4,7   23:57   8,5   0,0   0,0   6,2  12,6   12:53   NNW
24   9,0  16,0   15:10   3,3   06:17   9,3   0,0   0,0   6,8  13,0   12:32   NNE
25   9,8  14,3   14:03   6,7   00:11   8,5   0,0   0,0   6,2  10,4   01:24   NNW
26  10,3  16,6   15:34   4,6   06:19   8,0   0,0   0,0   6,6  13,0   01:00     E
27  10,9  16,2   16:39   6,9   07:35   7,1   0,0   1,8   6,9  16,2   20:25   NNW
28   9,4  11,8   16:46   7,8   09:04   8,9   0,0   0,5   3,6   8,6   08:48    SE
29  12,2  17,4   16:35   7,6   07:40   6,1   0,0   0,0   4,5  10,8   12:58    NW
30  11,7  12,8   13:56  10,7   09:10   6,6   0,0   0,6   5,2  10,1   02:20   NNW
31  13,0  16,4   15:09  10,6   07:00   5,3   0,0   0,5   5,1  13,0   13:59   NNW
----------------------------------------------------------------------------------
     8,6  17,9    19    -0,5     7   300,8   0,0 100,1   5,9  39,2     3       N

Max >=  30,0:  0
Max <=  20,0: 31
Min <=  20,0: 31
Min <=  15,0: 31
Max Rain: 75,9 on day 5
Days of Rain: 9 (>= 0,1 mm)  6 (>= 1,0 mm)  1 (>= 10,0 mm)
Heat Base: 18,3  Cool Base: 18,3  Method: Integration