Riassunti climatici stile NOAA



Report 2016 Febbraio
´╗┐                   Monthly Climatological Summary for feb 2016

Name: www.meteoalbese.it   City: Albese con Cassano (CO)   State: Italia
Elevation: 410 m  Lat: N 46┬° 19' 60"   Lon: E 009┬° 15' 31"

                  Temperature (┬°C), Rain (mm), Wind Speed (km/h)

                                      Heat  Cool        Avg
    Mean                              Deg   Deg         Wind                 Dom
Day Temp  High   Time   Low    Time   Days  Days  Rain  Speed High   Time    Dir
----------------------------------------------------------------------------------
 1   7,7  14,2   12:10   4,7   04:59  10,6   0,0   0,0   3,0  10,1   03:29   WSW
 2   7,3  10,0   15:25   4,8   00:00  11,0   0,0   0,0   2,3   7,6   10:14   WSW
 3   8,0  10,3   18:32   6,7   23:36  10,3   0,0  19,5   5,0  42,1   22:44    NW
 4   7,8  12,7   13:49   3,0   04:23  10,5   0,0   0,0   7,1  19,8   00:35    NW
 5   6,4  10,8   13:43   2,6   08:07  11,9   0,0   0,0   6,0  13,0   12:47   ESE
 6   4,5   6,4   13:16   2,3   07:19  13,8   0,0   2,2   3,9  12,6   08:29   NNW
 7   4,5   6,0   13:11   3,6   19:01  13,8   0,0  51,5   4,0  10,4   09:56   SSW
 8   5,9   8,2   14:52   4,0   01:22  12,4   0,0   1,3   2,6   7,6   12:13     W
 9   6,6   8,2   12:15   5,1   23:59  11,7   0,0  26,6   3,5  10,4   22:42   SSE
10   6,2  10,8   15:55   2,7   23:45  12,1   0,0   1,3   8,2  31,0   11:30    NW
11   4,9  10,1   13:19   0,5   07:32  13,4   0,0   0,0   5,6  12,6   10:55    NE
12   3,6   6,9   11:50   1,9   18:45  14,7   0,0   1,4   3,9  10,8   10:30   NNE
13   3,1   8,0   16:08  -0,3   07:36  15,2   0,0   0,0   3,8  10,1   10:06   NNW
14   3,3   4,3   00:00   1,8   05:35  15,0   0,0   5,7   2,6   6,8   04:58   WNW
15   5,5  10,6   15:27   0,9   07:36  12,8   0,0   0,0   3,4  10,4   07:49   NNW
16   5,9   7,0   12:13   3,9   23:31  12,4   0,0   1,8   4,0   9,7   06:36    NW
17   3,9   4,6   03:35   2,6   09:49  14,4   0,0   9,8   3,2   9,4   00:16   WNW
18   5,7  10,7   14:58   2,0   04:57  12,6   0,0   0,0   4,5  12,6   16:55    NW
19   7,3  13,3   15:00   2,4   07:04  11,0   0,0   0,0   5,1  20,2   22:40     N
20   6,1  10,7   16:09   1,4   06:41  12,2   0,0   0,0   5,2  12,6   00:42    NW
21   8,1  15,5   15:30   2,3   07:17  10,2   0,0   0,0   5,1  14,0   12:01   WNW
22   9,7  12,2   13:13   7,1   00:07   8,6   0,0   4,3   2,7   6,8   02:40     S
23   8,8  12,3   14:55   6,2   23:50   9,5   0,0   3,2   3,2  12,2   22:04   WSW
24   9,4  13,0   12:16   6,2   00:00   8,9   0,0   0,0   8,2  36,0   04:03    NE
25   5,7   9,4   16:07   2,8   23:42  12,6   0,0   0,0   3,3  10,4   22:40     N
26   4,5   7,5   14:53   1,4   06:08  13,8   0,0   0,8   5,4  13,7   13:28   ESE
27   4,2   5,5   15:07   2,4   02:51  14,1   0,0  13,2   3,5  11,5   00:35    SW
28   6,4   7,5   16:01   5,2   00:00  11,9   0,0  33,3   4,5  15,5   06:07     S
29   7,5  10,4   13:40   5,7   01:19  10,8   0,0   8,4   3,4  10,1   10:32   WNW
----------------------------------------------------------------------------------
     6,2  15,5    21    -0,3    13   352,2   0,0 184,3   4,4  42,1     3      NW

Max >=  30,0:  0
Max <=  20,0: 29
Min <=  20,0: 29
Min <=  15,0: 29
Max Rain: 51,5 on day 7
Days of Rain: 16 (>= 0,1 mm)  15 (>= 1,0 mm)  5 (>= 10,0 mm)
Heat Base: 18,3  Cool Base: 18,3  Method: Integration