Riassunti climatici stile NOAA



Report 2016 Gennaio
´╗┐                   Monthly Climatological Summary for gen 2016

Name: www.meteoalbese.it   City: Albese con Cassano (CO)   State: Italia
Elevation: 410 m  Lat: N 46┬° 19' 60"   Lon: E 009┬° 15' 31"

                  Temperature (┬°C), Rain (mm), Wind Speed (km/h)

                                      Heat  Cool        Avg
    Mean                              Deg   Deg         Wind                 Dom
Day Temp  High   Time   Low    Time   Days  Days  Rain  Speed High   Time    Dir
----------------------------------------------------------------------------------
 1   1,8   5,2   14:08  -0,1   07:36  16,5   0,0   0,0   1,8   7,6   06:43     N
 2   0,7   1,5   12:22  -0,5   00:59  17,6   0,0   3,2   2,2   9,7   21:29   SSW
 3   0,8   2,0   15:27  -0,7   06:10  17,5   0,0   3,2   3,5  13,7   13:52   SSE
 4   0,6   1,7   13:12  -0,1   05:57  17,7   0,0   6,2   2,6   9,4   19:11     W
 5   1,4   2,8   15:03   0,1   00:30  16,9   0,0   1,2   1,8   9,4   05:29    NW
 6   2,6   6,6   15:39  -0,4   07:20  15,7   0,0   0,0   3,5   9,7   20:47   NNW
 7   2,6   5,7   14:54   0,2   02:38  15,7   0,0   0,0   2,4  10,1   21:36   NNW
 8   3,2   6,5   12:48   0,1   07:37  15,1   0,0   0,0   2,6  11,5   00:49   ESE
 9   3,9   4,4   00:05   3,3   09:00  14,4   0,0   8,5   1,7   9,4   20:47   SSW
10   4,7   8,1   13:11   1,5   02:30  13,6   0,0   2,8   1,8   8,6   03:46   SSW
11   6,3   7,7   14:01   3,6   23:56  12,0   0,0  10,6   3,2  10,4   14:36     S
12   5,8  11,7   16:01   2,2   06:19  12,5   0,0   0,0   4,7  14,0   14:21    NW
13   7,6  10,6   14:37   4,4   07:16  10,7   0,0   0,0   7,6  27,7   04:26    NW
14   2,9   6,0   13:30   0,5   23:49  15,4   0,0   0,0   3,7  13,7   13:35   NNE
15   3,8   8,0   11:20  -2,3   06:45  14,5   0,0   0,0   7,2  28,1   11:42    NW
16   4,3   8,6   12:36   0,7   07:36  14,0   0,0   0,0   6,7  20,2   21:58   NNW
17   3,2   5,6   12:21   0,6   21:13  15,1   0,0   0,0   9,2  27,4   01:48    NW
18   0,1   3,4   12:47  -3,0   08:18  18,2   0,0   0,0   4,4  16,6   00:54   NNE
19  -0,8   2,8   12:42  -3,1   05:51  19,1   0,0   0,0   4,8  10,4   13:20   NNE
20  -0,2   4,8   15:47  -3,3   07:35  18,5   0,0   0,0   4,8  11,2   04:26     N
21   0,0   3,8   15:23  -3,3   07:34  18,3   0,0   0,0   5,6  10,4   10:48   ENE
22   1,1   5,0   15:24  -1,6   08:25  17,2   0,0   0,0   5,4  10,4   04:06   NNE
23   2,2   8,0   15:44  -0,6   08:19  16,1   0,0   0,0   3,6   9,7   12:04    NW
24   4,4  11,3   14:47  -1,2   05:41  13,9   0,0   0,0   3,1  10,4   18:59   NNE
25   6,1  12,1   15:17   0,7   04:16  12,2   0,0   0,0   5,5  12,2   13:07   NNW
26   7,1  12,6   15:29   2,4   07:13  11,2   0,0   0,0   5,1  12,6   14:00    NW
27   7,8  11,5   14:14   3,4   06:42  10,5   0,0   0,0   4,6  11,9   01:17    NW
28   8,4  12,0   15:19   6,7   06:24   9,9   0,0   0,0   2,8  14,0   20:01    NW
29   9,0  14,0   15:30   5,7   08:08   9,3   0,0   0,0   4,8  11,9   07:32   NNW
30   7,5   8,5   13:49   6,4   06:35  10,8   0,0   0,5   2,9  10,4   00:12     W
31   7,8  13,3   15:57   4,6   06:06  10,5   0,0   0,0   4,4  10,4   02:38    NW
----------------------------------------------------------------------------------
     3,8  14,0    29    -3,3    20   450,6   0,0  36,2   4,1  28,1    15     NNW

Max >=  30,0:  0
Max <=  20,0: 31
Min <=  20,0: 31
Min <=  15,0: 31
Max Rain: 10,6 on day 11
Days of Rain: 8 (>= 0,1 mm)  7 (>= 1,0 mm)  1 (>= 10,0 mm)
Heat Base: 18,3  Cool Base: 18,3  Method: Integration