Riassunti climatici stile NOAA



Report 2015 Novembre
´╗┐                   Monthly Climatological Summary for nov 2015

Name: www.meteoalbese.it   City: Albese con Cassano (CO)   State: Italia
Elevation: 410 m  Lat: N 46┬° 19' 60"   Lon: E 009┬° 15' 31"

                  Temperature (┬°C), Rain (mm), Wind Speed (km/h)

                                      Heat  Cool        Avg
    Mean                              Deg   Deg         Wind                 Dom
Day Temp  High   Time   Low    Time   Days  Days  Rain  Speed High   Time    Dir
----------------------------------------------------------------------------------
 1  11,1  16,4   15:20   7,7   06:58   7,2   0,0   0,0   0,0   0,0   00:00   ---
 2  10,6  16,8   15:57   7,4   06:05   7,7   0,0   0,0   0,0   0,0   00:00   ---
 3  10,2  14,4   13:05   6,7   07:15   8,1   0,0   0,0   0,0   0,0   00:00   ---
 4  12,2  17,0   13:03   9,0   07:34   6,1   0,0   0,0   0,0   0,0   00:00   ---
 5  12,4  17,5   13:09   8,7   07:35   5,7   0,0   0,0   0,0   0,0   00:00   ---
 6  13,7  19,1   13:15  10,0   06:38   4,6   0,1   0,0   0,0   0,0   00:00   ---
 7  14,4  20,4   15:12   9,6   06:27   4,1   0,2   0,0   0,0   0,0   00:00   ---
 8  14,9  20,9   15:22  10,0   05:20   3,8   0,4   0,0   0,0   0,0   00:00   ---
 9  13,5  18,4   15:14  10,2   04:36   4,8   0,0   0,0   0,0   0,0   00:00   ---
10  14,1  20,7   13:57  10,2   04:47   4,5   0,3   0,0   0,0   0,0   00:00   ---
11  13,1  17,9   13:22   9,5   04:27   5,2   0,0   0,0   0,0   0,0   00:00   ---
12  13,4  19,4   13:53   9,0   06:31   4,9   0,1   0,0   0,0   0,0   00:00   ---
13  12,6  18,3   13:48   8,6   05:49   5,7   0,0   0,0   0,0   0,0   00:00   ---
14   8,2  10,3   00:00   4,8   08:12  10,1   0,0   0,0   0,0   0,0   00:00   ---
15   8,6  14,1   15:37   5,0   05:23   9,7   0,0   0,0   0,0   0,0   00:00   ---
16   6,5  10,4   14:57   3,1   06:17  11,8   0,0   0,0   0,0   0,0   00:00   ---
17   8,1  14,5   13:52   1,8   03:15  10,2   0,0   0,0   0,0   0,0   00:00   ---
18   9,1  13,6   12:11   6,6   23:47   9,2   0,0   0,0   0,0   0,0   00:00   ---
19   8,8  11,9   15:08   6,3   01:26   9,5   0,0   0,0   0,0   0,0   00:00   ---
20   9,8  13,5   13:41   6,2   06:42   8,5   0,0   0,2   0,0   0,0   00:00   ---
21   8,9  12,0   12:37   4,1   23:56   9,4   0,0   0,3   0,0   0,0   00:00   ---
22   6,2  11,7   12:41   2,4   03:00  12,1   0,0   0,0   0,0   0,0   00:00   ---
23   3,7   5,7   15:32   1,9   18:35  14,6   0,0   0,0   0,0   0,0   00:00   ---
24   3,3   7,5   15:27   0,8   06:54  15,0   0,0   0,0   0,0   0,0   00:00   ---
25   2,3   5,2   15:01   0,4   23:52  16,0   0,0   0,0   0,0   0,0   00:00   ---
26   5,6  11,6   12:26  -0,7   04:00  12,7   0,0   0,0   0,0   0,0   00:00   ---
27   5,8  10,4   15:05   2,2   23:56  12,5   0,0   0,0   0,0   0,0   00:00   ---
28   3,0   8,2   15:21   0,5   22:47  15,3   0,0   0,0   0,0   0,0   00:00   ---
29   4,0   8,1   15:34   0,7   00:00  14,2   0,0   0,0   0,0   0,0   00:00   ---
30   6,7  12,8   15:23   2,7   03:15  11,6   0,0   0,0   0,0   0,0   00:00   ---
----------------------------------------------------------------------------------
     9,2  20,9     8    -0,7    26   274,8   1,1   0,5   0,0   0,0     0     ---

Max >=  30,0:  0
Max <=  20,0: 27
Min <=  20,0: 30
Min <=  15,0: 30
Max Rain: 0,3 on day 21
Days of Rain: 2 (>= 0,1 mm)  0 (>= 1,0 mm)  0 (>= 10,0 mm)
Heat Base: 18,3  Cool Base: 18,3  Method: Integration