Riassunti climatici stile NOAA



Report 2015 Ottobre
´╗┐                   Monthly Climatological Summary for ott 2015

Name: www.meteoalbese.it   City: Albese con Cassano (CO)   State: Italia
Elevation: 410 m  Lat: N 46┬° 20' 43"   Lon: E 009┬° 15' 31"

                  Temperature (┬°C), Rain (mm), Wind Speed (km/h)

                                      Heat  Cool        Avg
    Mean                              Deg   Deg         Wind                 Dom
Day Temp  High   Time   Low    Time   Days  Days  Rain  Speed High   Time    Dir
----------------------------------------------------------------------------------
 1  11,8  14,9   14:54   8,2   07:28   6,5   0,0   0,0   5,8   0,0   00:00    SW
 2  12,0  14,0   12:13  11,1   00:40   6,3   0,0   7,1   5,8   0,0   00:00    SW
 3  12,8  15,5   16:53  11,5   00:02   5,5   0,0  28,5   5,8   0,0   00:00    SW
 4  13,8  17,9   17:21  12,2   20:46   4,5   0,0  27,0   5,8   0,0   00:00    SW
 5  14,6  19,7   14:49  11,1   07:21   3,8   0,1   0,0   5,8   0,0   00:00    SW
 6  14,6  16,6   15:50  13,1   04:16   3,7   0,0   1,2   5,8   0,0   00:00    SW
 7  16,2  21,9   16:08  12,3   07:08   2,7   0,6   0,0   5,8   0,0   00:00    SW
 8  16,0  21,2   16:10  12,0   07:40   2,7   0,4   2,3   5,8   0,0   00:00    SW
 9  15,1  18,8   12:22  13,0   23:35   3,2   0,0   0,0   3,7   8,6   00:00    SW
10  15,0  19,2   15:08  12,2   06:49   3,4   0,1   7,4   0,0   0,0   00:00   ---
11  14,1  19,3   15:44  10,6   07:47   4,1   0,1   0,0   0,0   0,0   00:00   ---
12  14,6  19,3   13:35  12,2   06:52   3,7   0,0   0,0   0,0   0,0   00:00   ---
13  12,6  13,6   00:16  12,0   05:10   5,7   0,0  22,7   0,0   0,0   00:00   ---
14  12,4  16,2   12:57   9,1   08:05   5,9   0,0  27,4   0,0   0,0   00:00   ---
15  10,3  11,4   21:57   8,5   23:59   8,0   0,0  13,1   0,0   0,0   00:00   ---
16   9,4  13,4   15:40   6,5   07:50   8,9   0,0  12,5   0,0   0,0   00:00   ---
17   9,1  12,8   13:30   6,2   04:24   9,2   0,0   0,0   0,0   0,0   00:00   ---
18   9,6  11,9   16:06   8,0   05:22   8,7   0,0   0,6   0,0   0,0   00:00   ---
19  10,9  16,7   15:31   7,0   08:00   7,4   0,0   0,0   0,0   0,0   00:00   ---
20  10,4  15,2   14:09   7,7   04:17   7,9   0,0   0,0   0,0   0,0   00:00   ---
21   9,8  14,3   15:26   7,0   06:28   8,5   0,0   0,0   0,0   0,0   00:00   ---
22   9,6  14,3   16:06   5,5   06:51   8,7   0,0   0,0   0,0   0,0   00:00   ---
23  10,9  15,9   14:55   7,0   08:26   7,4   0,0   0,0   0,0   0,0   00:00   ---
24  12,1  17,9   14:11   8,5   06:24   6,2   0,0   0,0   0,0   0,0   00:00   ---
25  12,7  17,3   13:03   9,5   03:54   5,9   0,0   0,0   0,0   0,0   00:00   ---
26  12,7  18,7   13:54   9,4   07:02   5,6   0,0   0,0   0,0   0,0   00:00   ---
27  12,0  16,2   11:32   8,8   05:00   6,3   0,0   0,0   0,0   0,0   00:00   ---
28  10,4  11,8   00:42   9,6   21:16   7,9   0,0  23,0   0,0   0,0   00:00   ---
29  11,6  14,0   16:25   9,9   00:37   6,7   0,0   1,4   0,0   0,0   00:00   ---
30  13,0  18,0   13:22   9,2   07:17   5,3   0,0   0,0   0,0   0,0   00:00   ---
31  12,1  17,0   15:14   8,7   07:04   6,2   0,0   0,0   0,0   0,0   00:00   ---
----------------------------------------------------------------------------------
    12,3  21,9     7     5,5    22   186,5   1,3 174,2   1,6   8,6     9      SW

Max >=  30,0:  0
Max <=  20,0: 29
Min <=  20,0: 31
Min <=  15,0: 31
Max Rain: 28,5 on day 3
Days of Rain: 13 (>= 0,1 mm)  12 (>= 1,0 mm)  7 (>= 10,0 mm)
Heat Base: 18,3  Cool Base: 18,3  Method: Integration