Riassunti climatici stile NOAA



Report 2015 Settembre
´╗┐                   Monthly Climatological Summary for set 2015

Name: www.meteoalbese.it   City: Albese con Cassano (CO)   State: Italia
Elevation: 410 m  Lat: N 46┬° 19' 60"   Lon: E 009┬° 15' 31"

                  Temperature (┬°C), Rain (mm), Wind Speed (km/h)

                                      Heat  Cool        Avg
    Mean                              Deg   Deg         Wind                 Dom
Day Temp  High   Time   Low    Time   Days  Days  Rain  Speed High   Time    Dir
----------------------------------------------------------------------------------
 1  23,0  27,5   17:05  19,6   23:53   0,0   4,7   0,3   4,0  21,1   19:18     N
 2  20,6  26,3   17:12  17,8   12:09   0,0   2,3  17,1   3,2  23,2   21:43    NE
 3  19,4  24,3   16:52  16,5   05:04   0,4   1,4   0,0   3,5  31,9   21:40   NNW
 4  19,2  24,4   17:53  14,9   06:33   0,9   1,8   0,0   3,4  20,5   16:43   ENE
 5  17,0  22,7   14:26  13,5   23:31   2,0   0,6  18,9   3,9  38,3   14:59    NE
 6  16,9  23,3   17:17  10,9   07:07   2,6   1,1   0,0   3,9  29,7   03:34     N
 7  17,3  23,1   17:02  12,6   07:32   2,1   1,1   0,0   3,8  24,3   22:36   NNE
 8  16,9  22,0   16:27  14,5   06:22   2,0   0,6   0,0   3,9  24,3   20:41   NNE
 9  17,2  22,5   15:32  12,6   06:43   2,1   1,0   0,0   4,3  22,1   06:44   ENE
10  16,4  21,3   16:15  12,8   04:15   2,3   0,5   1,4   3,4  25,9   23:02   NNE
11  15,9  20,0   17:40  12,9   07:08   2,5   0,1   0,0   2,8  15,7   21:27    NE
12  17,7  22,4   16:07  15,1   07:30   1,2   0,7   0,0   2,6  15,7   16:35     N
13  16,2  17,7   09:12  14,7   15:13   2,1   0,0  28,2   2,0  18,4   13:51     E
14  17,1  21,7   16:43  15,0   04:07   1,6   0,3  30,7   3,3  24,8   06:47   ESE
15  18,6  23,0   13:54  16,2   22:13   0,7   1,0   0,0   2,9  24,8   11:45   NNE
16  17,0  18,6   19:06  15,6   08:55   1,3   0,0  14,2   2,6  17,8   04:28   NNE
17  20,9  24,1   14:04  18,1   04:12   0,0   2,6   0,0   2,8  36,7   15:49   ESE
18  20,2  26,1   15:20  16,6   23:26   0,3   2,2   0,0   4,2  22,1   21:44    NE
19  18,5  24,3   15:41  14,2   07:00   1,3   1,5   2,3   4,0  37,8   20:05   NNE
20  19,9  25,1   17:03  15,6   23:58   0,5   2,1   0,0   4,1  24,8   00:32   ENE
21  17,4  23,3   17:21  13,7   05:49   2,0   1,1   0,0   3,9  21,1   22:01   NNE
22  16,3  18,5   17:27  14,4   02:25   2,0   0,0   0,0   2,1  19,4   02:30     E
23  12,2  16,8   00:27   8,4   11:04   6,1   0,0 113,8   5,3  54,5   10:25   WSW
24  14,3  21,0   17:49   8,5   06:54   4,0   0,0   0,0   5,8   0,0   00:22    SW
25  16,7  23,2   15:35  11,5   07:31   2,7   1,1   0,0   5,8   0,0   00:00    SW
26  16,8  22,3   15:38  12,9   07:12   2,4   0,8   0,0   5,8   0,0   00:00    SW
27  15,7  18,4   14:22  13,8   03:58   2,6   0,0   0,0   5,8   0,0   00:00    SW
28  14,6  17,3   14:22  13,0   22:07   3,7   0,0   0,0   5,8   0,0   00:00    SW
29  13,1  15,0   12:42  11,6   06:17   5,2   0,0   0,0   5,8   0,0   00:00    SW
30  12,8  15,8   13:39  10,6   07:42   5,5   0,0   0,0   5,8   0,0   00:00    SW
----------------------------------------------------------------------------------
    17,2  27,5     1     8,4    23    62,1  28,6 226,9   4,0  54,5    23     NNE

Max >=  30,0:  0
Max <=  20,0:  9
Min <=  20,0: 30
Min <=  15,0: 21
Max Rain: 113,8 on day 23
Days of Rain: 9 (>= 0,1 mm)  8 (>= 1,0 mm)  6 (>= 10,0 mm)
Heat Base: 18,3  Cool Base: 18,3  Method: Integration