Riassunti climatici stile NOAA



Report 2015 Agosto
´╗┐                   Monthly Climatological Summary for ago 2015

Name: www.meteoalbese.it   City: Albese con Cassano (CO)   State: Italia
Elevation: 410 m  Lat: N 46┬° 19' 43"   Lon: E 009┬° 16' 31"

                  Temperature (┬°C), Rain (mm), Wind Speed (km/h)

                                      Heat  Cool        Avg
    Mean                              Deg   Deg         Wind                 Dom
Day Temp  High   Time   Low    Time   Days  Days  Rain  Speed High   Time    Dir
----------------------------------------------------------------------------------
 1  17,9  20,9   15:22  16,0   07:45   0,8   0,4  10,8   2,6  19,4   01:58     N
 2  20,1  27,4   16:57  14,3   06:16   1,0   2,9   0,0   3,8  21,1   16:11    NE
 3  23,0  30,6   17:58  17,8   06:02   0,0   4,7   0,0   4,4  24,3   01:52     N
 4  24,4  29,7   18:16  20,4   05:29   0,0   6,1   0,0   4,6  23,2   00:33     N
 5  25,7  32,7   16:57  20,8   06:18   0,0   7,4   0,0   4,2  25,4   22:19   NNE
 6  27,0  34,8   17:50  21,8   06:16   0,0   8,7   0,0   4,4  25,4   23:52     N
 7  28,1  35,3   16:37  23,5   06:17   0,0   9,8   0,0   4,6  25,4   21:29     N
 8  27,5  34,1   17:31  23,6   06:52   0,0   9,3   0,0   3,8  35,1   18:18     N
 9  26,3  33,0   15:58  21,3   00:00   0,0   8,0   0,0   3,7  29,2   23:11     N
10  22,0  27,6   16:59  17,9   04:59   0,0   3,8   4,0   5,3  36,7   03:45    NW
11  25,1  31,7   15:18  19,5   04:25   0,0   6,8   0,0   3,4  23,8   13:17   NNW
12  26,3  31,9   16:56  21,8   07:07   0,0   8,0   0,0   4,6  29,7   13:16   NNW
13  27,2  32,9   17:43  23,5   00:05   0,0   8,9   0,0   4,1  22,7   00:06     N
14  22,1  26,7   09:21  18,6   22:38   0,0   3,8   1,7   3,8  22,7   21:13     N
15  20,2  23,5   17:22  17,9   23:59   0,0   1,9   0,8   3,2  26,5   23:43     N
16  18,3  23,3   13:49  14,8   04:18   1,2   1,2   2,9   2,9  23,2   01:52   NNW
17  20,4  26,8   16:06  15,9   06:52   0,6   2,6   0,0   3,4  18,9   11:26   NNE
18  19,0  24,6   13:25  15,1   07:02   1,0   1,7   7,1   3,5  20,5   01:06     N
19  18,1  23,8   19:01  14,3   06:53   1,4   1,1   6,2   3,4  23,2   12:16   ENE
20  20,1  27,7   16:34  14,1   06:32   1,2   3,0   0,0   4,2  23,8   23:21     N
21  21,1  25,9   14:50  17,0   07:47   0,1   2,8   0,0   2,5  23,2   18:07    NE
22  20,5  25,6   15:44  16,0   06:04   0,3   2,5   0,0   2,9  18,9   15:05   NNE
23  17,7  20,3   12:33  15,8   08:40   0,9   0,3   4,9   2,9  22,1   23:56    NE
24  16,8  18,6   17:01  15,4   08:23   1,4   0,0  29,3   1,8  17,8   04:25   ESE
25  19,6  24,9   15:41  17,1   05:59   0,4   1,7  11,7   3,0  20,5   20:36     E
26  21,1  27,4   16:26  17,0   06:04   0,3   3,1   0,0   3,8  22,1   21:47   NNE
27  22,2  28,9   16:32  17,7   06:05   0,0   3,9   0,0   4,4  24,8   21:38     N
28  23,5  30,3   17:30  18,8   06:56   0,0   5,2   0,0   4,3  24,3   01:05     N
29  24,5  31,0   17:58  20,1   05:22   0,0   6,3   0,0   4,4  21,1   01:08     N
30  24,8  31,7   15:42  20,7   06:45   0,0   6,5   0,0   5,0  25,4   20:56     N
31  24,7  31,2   17:24  20,0   07:29   0,0   6,4   0,0   4,1  24,8   00:43     N
----------------------------------------------------------------------------------
    22,4  35,3     7    14,1    20    10,6 138,8  79,4   3,8  36,7    10       N

Max >=  30,0: 13
Max <=  20,0:  1
Min <=  20,0: 21
Min <=  15,0:  4
Max Rain: 29,3 on day 24
Days of Rain: 10 (>= 0,1 mm)  9 (>= 1,0 mm)  3 (>= 10,0 mm)
Heat Base: 18,3  Cool Base: 18,3  Method: Integration