Riassunti climatici stile NOAA



Report 2015 Luglio
´╗┐                   Monthly Climatological Summary for lug 2015

Name: www.meteoalbese.it   City: Albese con Cassano (CO)   State: Italia
Elevation: 410 m  Lat: N 46┬° 19' 43"   Lon: E 009┬° 16' 31"

                  Temperature (┬°C), Rain (mm), Wind Speed (km/h)

                                      Heat  Cool        Avg
    Mean                              Deg   Deg         Wind                 Dom
Day Temp  High   Time   Low    Time   Days  Days  Rain  Speed High   Time    Dir
----------------------------------------------------------------------------------
 1  25,1  31,5   16:47  20,6   00:25   0,0   6,8   0,0   3,8  20,5   22:27     N
 2  25,6  32,2   16:55  20,4   05:31   0,0   7,1   0,0   4,0  21,1   00:54     N
 3  26,3  32,3   17:21  20,5   23:59   0,0   8,0   1,7   4,4  26,5   21:57   NNE
 4  26,0  32,4   18:06  19,9   05:17   0,0   7,7   0,3   3,9  36,7   01:55   NNE
 5  27,0  33,0   15:26  22,5   05:54   0,0   8,7   0,0   3,7  22,7   16:34     N
 6  27,8  34,1   15:26  22,5   04:19   0,0   9,5   0,0   3,2  21,1   19:02   NNW
 7  28,2  33,9   16:18  23,8   05:36   0,0   9,9   0,0   3,3  21,1   15:00     N
 8  25,6  29,7   15:45  23,2   23:42   0,0   7,3   0,0   2,7  21,1   18:21    NW
 9  24,9  29,8   16:27  19,1   07:09   0,0   6,6   0,0   4,0  33,5   02:48   NNE
10  22,5  28,9   17:58  17,5   04:45   0,1   4,3   0,0   4,3  21,6   22:23   NNE
11  23,8  30,5   16:37  18,1   05:48   0,0   5,5   0,0   4,2  21,1   06:21     N
12  25,3  31,6   17:46  20,3   06:42   0,0   7,0   0,0   3,8  21,6   20:32   NNE
13  26,1  32,8   16:07  21,1   06:24   0,0   7,8   0,0   4,0  21,1   14:36     N
14  26,2  33,2   17:23  20,3   06:18   0,0   7,9   0,0   4,1  23,2   22:27     N
15  26,9  32,9   16:19  21,9   05:27   0,0   8,6   0,0   4,1  21,1   01:27   NNE
16  27,1  33,1   16:59  23,6   06:20   0,0   8,8   0,0   4,5  23,2   12:45    NE
17  27,9  33,9   16:04  22,9   05:44   0,0   9,6   0,0   3,9  24,3   17:17     N
18  27,7  34,5   16:15  21,8   05:49   0,0   9,4   0,0   3,1  20,5   20:01     N
19  27,3  33,3   17:25  22,8   06:54   0,0   9,0   0,0   4,3  23,2   10:35    NE
20  26,9  33,8   17:59  21,4   03:42   0,0   8,6   0,0   4,0  24,8   13:35   ENE
21  28,6  35,4   17:22  23,5   04:19   0,0  10,3   0,0   4,0  22,1   23:28     N
22  28,7  35,3   16:19  23,8   06:36   0,0  10,5   0,0   4,3  24,8   17:46     N
23  28,1  34,2   15:31  22,3   06:21   0,0   9,8   0,0   3,4  20,5   23:32     N
24  26,2  32,6   17:49  21,8   23:59   0,0   7,9   0,5   4,3  30,2   23:47     N
25  23,8  29,7   18:18  18,7   03:58   0,0   5,5   4,3   3,7  34,6   00:18     N
26  23,8  27,7   15:17  19,5   07:00   0,0   5,5   0,0   3,9  25,9   02:36     E
27  24,4  31,2   16:51  19,7   06:47   0,0   6,1   0,5   2,9  22,1   20:48     N
28  24,0  29,0   16:34  20,4   03:27   0,0   5,7   0,0   3,5  22,7   20:56   ENE
29  21,6  28,3   14:28  18,7   04:09   0,0   3,3  16,0   3,2  50,2   17:11   NNE
30  22,2  27,3   16:39  18,3   01:21   0,0   3,9   0,0   2,9  21,1   23:51     E
31  20,4  25,4   18:08  17,4   05:50   0,1   2,2   0,5   3,4  23,8   16:43   NNE
----------------------------------------------------------------------------------
    25,7  35,4    21    17,4    31     0,2 228,8  23,8   3,8  50,2    29     NNE

Max >=  25,0: 31
Max <=  20,0:  0
Min <=  20,0: 10
Min <=  15,0:  0
Max Rain: 16,0 on day 29
Days of Rain: 7 (>= 0,1 mm)  3 (>= 1,0 mm)  1 (>= 10,0 mm)
Heat Base: 18,3  Cool Base: 18,3  Method: Integration