Riassunti climatici stile NOAA



Report 2015 Giugno
´╗┐                   Monthly Climatological Summary for giu 2015

Name: www.meteoalbese.it   City: Albese con Cassano (CO)   State: Italia
Elevation: 410 m  Lat: N 46┬° 19' 43"   Lon: E 009┬° 16' 31"

                  Temperature (┬°C), Rain (mm), Wind Speed (km/h)

                                      Heat  Cool        Avg
    Mean                              Deg   Deg         Wind                 Dom
Day Temp  High   Time   Low    Time   Days  Days  Rain  Speed High   Time    Dir
----------------------------------------------------------------------------------
 1  20,1  25,0   16:44  16,1   05:58   0,6   2,3   0,0   2,2  18,9   00:14     N
 2  21,5  28,2   18:08  16,5   05:15   0,3   3,5   0,0   3,2  18,9   12:29   NNW
 3  23,2  29,8   16:33  17,6   05:53   0,1   4,9   0,0   3,1  18,4   05:30   NNW
 4  24,9  31,5   16:21  20,1   05:39   0,0   6,6   0,0   3,7  22,1   23:24   NNE
 5  25,2  31,7   16:30  20,6   06:20   0,0   7,0   0,0   3,9  22,1   15:43   NNW
 6  25,9  32,1   16:48  21,0   05:37   0,0   7,6   0,0   3,7  25,9   21:23     N
 7  24,6  31,9   16:36  19,8   05:53   0,0   6,3  18,0   3,1  23,8   19:54   NNW
 8  23,4  28,7   15:05  18,9   02:30   0,0   5,1   0,9   4,4  47,5   03:44   NNE
 9  21,3  27,8   17:56  18,0   23:46   0,0   3,0   0,0   2,4  21,6   21:09   NNW
10  20,9  26,5   17:21  16,5   08:17   0,2   2,8   9,4   3,0  19,4   00:31     N
11  21,3  28,0   15:37  17,6   05:15   0,1   3,1   3,4   4,2  24,8   22:28     N
12  20,3  24,8   13:20  17,2   23:28   0,0   2,0  14,1   4,1  23,8   14:47     N
13  19,4  24,2   12:30  16,7   00:54   0,3   1,4  25,1   2,9  23,2   23:53     N
14  17,9  23,3   11:42  15,7   16:24   0,9   0,5  34,7   2,7  28,6   12:25   NNE
15  18,5  25,0   16:35  15,8   06:31   1,1   1,3   7,7   2,0  17,8   18:44   NNW
16  17,5  22,7   13:12  14,3   23:10   1,4   0,6  12,8   2,8  29,7   20:14   NNE
17  18,7  23,6   16:19  13,7   05:40   1,4   1,8   0,0   3,4  18,4   05:42   NNE
18  19,9  25,8   17:58  15,4   04:44   0,8   2,4   0,0   3,8  19,4   15:50     N
19  21,9  28,0   17:49  17,2   03:49   0,2   3,8   0,0   3,3  31,9   21:08   NNE
20  19,5  25,9   17:57  14,4   06:03   1,0   2,2   0,0   3,3  20,5   18:22     N
21  19,0  24,4   16:09  14,5   06:22   1,2   1,9   0,0   3,5  19,4   11:34   NNW
22  19,8  25,0   15:57  15,4   05:13   0,6   2,1   5,7   3,3  21,1   21:02   ENE
23  21,0  26,5   15:06  17,6   03:28   0,1   2,9   0,0   3,1  23,8   21:04   NNW
24  18,6  24,6   18:24  13,5   06:47   1,3   1,7   0,0   4,3  23,8   09:13     N
25  19,6  25,1   16:22  14,8   05:07   1,0   2,3   0,0   4,0  22,1   05:32     N
26  21,3  28,0   17:54  15,5   06:26   0,7   3,6   0,0   4,0  19,4   04:36     N
27  23,1  28,9   17:20  18,4   02:54   0,0   4,8   0,0   4,2  21,1   01:13     N
28  23,4  30,6   17:06  17,3   06:03   0,1   5,3   0,0   3,4  19,4   21:29   NNE
29  23,4  29,2   16:50  19,3   04:29   0,0   5,1   0,0   3,9  22,7   00:17   NNE
30  23,6  29,6   17:56  18,5   05:37   0,0   5,3   0,0   4,3  20,5   01:33   NNE
----------------------------------------------------------------------------------
    21,3  32,1     6    13,5    24    13,4 103,2 131,8   3,5  47,5     8       N

Max >=  25,0: 23
Max <=  15,0:  0
Min <=  20,0: 27
Min <=  15,0:  6
Max Rain: 34,7 on day 14
Days of Rain: 10 (>= 0,1 mm)  9 (>= 1,0 mm)  5 (>= 10,0 mm)
Heat Base: 18,3  Cool Base: 18,3  Method: Integration