Riassunti climatici stile NOAA



Report 2015 Maggio
´╗┐                   Monthly Climatological Summary for mag 2015

Name: www.meteoalbese.it   City: Albese con Cassano (CO)   State: Italia
Elevation: 410 m  Lat: N 46┬° 19' 43"   Lon: E 009┬° 16' 31"

                  Temperature (┬°C), Rain (mm), Wind Speed (km/h)

                                      Heat  Cool        Avg
    Mean                              Deg   Deg         Wind                 Dom
Day Temp  High   Time   Low    Time   Days  Days  Rain  Speed High   Time    Dir
----------------------------------------------------------------------------------
 1  12,1  13,8   12:11  11,4   22:38   6,2   0,0   7,7   1,7  14,0   00:32   ESE
 2  15,5  21,8   15:48   9,5   06:19   3,6   0,8   7,7   2,7  24,3   12:11   NNW
 3  14,7  16,6   18:10  13,7   07:45   3,6   0,0   4,0   1,7  13,5   00:33     N
 4  16,0  18,7   17:45  13,9   05:23   2,3   0,0   0,3   1,9  14,0   06:15   NNW
 5  18,2  22,4   17:08  14,4   05:42   1,2   1,1   0,0   2,8  17,3   21:19   NNE
 6  18,5  23,2   17:32  16,4   23:05   0,6   0,8   0,0   3,7  24,8   13:41    NE
 7  18,5  24,0   15:02  12,9   07:00   1,5   1,7   0,0   3,5  21,1   12:57    NE
 8  17,2  22,8   15:39  13,4   23:55   1,6   0,6   6,9   3,6  25,4   18:24    NE
 9  18,4  25,5   18:33  12,0   06:36   2,0   2,1   0,0   2,6  23,8   18:16     N
10  20,6  26,4   16:12  15,6   07:15   0,4   2,7   0,0   3,9  25,4   04:56   NNW
11  20,1  25,7   16:25  14,5   05:09   0,9   2,7   0,0   4,0  23,2   22:20     N
12  20,6  25,9   16:19  16,0   05:55   0,5   2,8   0,0   3,5  19,4   01:54   NNE
13  20,7  26,3   17:05  16,5   04:34   0,3   2,7   0,0   3,0  18,4   14:05   NNW
14  20,7  26,9   17:57  14,2   06:02   0,9   3,2   0,0   2,5  22,7   11:27     E
15  12,0  19,5   00:00  11,3   19:50   1,9   0,0  81,2   4,0  25,4   17:08     N
16  17,7  24,2   17:22  11,6   06:26   2,2   1,7   1,2   3,3  23,2   12:42    NW
17  20,0  26,0   14:53  15,0   06:06   0,8   2,5   0,0   3,5  23,2   21:13   NNE
18  20,6  25,6   17:26  16,5   05:18   0,2   2,5   0,0   4,0  18,9   12:38    NE
19  18,2  23,3   15:01  14,7   20:38   1,1   1,0  14,3   3,5  23,2   14:26   NNE
20  13,2  15,6   15:19   9,9   22:51   5,1   0,0  46,1   3,4  38,3   19:11    NE
21  11,9  15,3   16:26   9,5   02:44   6,4   0,0   3,4   2,8  26,5   08:24     N
22  13,7  20,5   15:11   8,3   03:54   4,8   0,2   0,0   2,3  17,8   11:55   ENE
23  14,1  19,9   14:10  11,6   04:57   4,3   0,1   0,6   2,5  19,4   00:18   ENE
24  15,4  21,2   18:05   9,5   05:29   3,4   0,5   0,0   3,3  19,4   15:46   NNW
25  17,3  24,1   16:56  12,5   04:54   2,1   1,2   0,0   4,4  22,1   12:19   NNW
26  16,8  21,7   15:47  13,1   23:56   2,0   0,5   0,0   3,2  20,5   18:29   ENE
27  17,1  24,8   18:54  11,5   04:21   2,7   1,5   0,0   3,4  24,8   16:22   NNE
28  16,8  23,3   17:00  11,1   05:33   2,6   1,1   0,0   3,9  23,2   22:08     N
29  17,8  23,1   15:31  13,0   04:45   1,8   1,4   0,0   3,6  20,5   00:10   NNE
30  18,6  24,3   15:54  13,4   06:57   1,3   1,6   2,5   3,2  19,4   12:12    NW
31  17,9  22,0   18:24  14,7   04:27   1,2   0,8   0,0   2,5  18,9   14:48     N
----------------------------------------------------------------------------------
    17,1  26,9    14     8,3    22    69,5  37,8 175,9   3,2  38,3    20     NNE

Max >=  30,0:  0
Max <=  15,0:  1
Min <=  20,0: 31
Min <=  10,0:  5
Max Rain: 81,2 on day 15
Days of Rain: 12 (>= 0,1 mm)  10 (>= 1,0 mm)  3 (>= 10,0 mm)
Heat Base: 18,3  Cool Base: 18,3  Method: Integration