Riassunti climatici stile NOAA



Report 2015 Marzo
´╗┐                   Monthly Climatological Summary for mar 2015

Name: www.meteoalbese.it   City: Albese con Cassano (CO)   State: Italia
Elevation: 410 m  Lat: N 46┬° 19' 43"   Lon: E 009┬° 16' 31"

                  Temperature (┬°C), Rain (mm), Wind Speed (km/h)

                                      Heat  Cool        Avg
    Mean                              Deg   Deg         Wind                 Dom
Day Temp  High   Time   Low    Time   Days  Days  Rain  Speed High   Time    Dir
----------------------------------------------------------------------------------
 1   7,7  13,1   13:51   3,8   05:37  10,6   0,0   0,0   3,1  32,4   12:32     N
 2   9,6  13,7   19:06   6,3   00:40   8,7   0,0   0,3   3,5  39,4   18:54     N
 3  10,8  14,4   10:50   6,5   23:44   7,5   0,0   0,0   4,1  31,3   09:01   ENE
 4   8,5  12,3   16:12   4,9   07:08   9,8   0,0   0,0   3,8  30,2   21:06   NNE
 5   8,8  11,5   15:27   6,8   06:33   9,5   0,0   0,0   6,9  52,9   15:42   ENE
 6   7,1  13,4   16:00   2,7   06:37  11,2   0,0   0,0   3,9  31,3   12:24     N
 7   6,2  12,3   16:01   2,2   05:25  12,1   0,0   0,0   3,4  23,2   06:55   NNE
 8   7,2  13,7   15:09   2,9   06:46  11,1   0,0   0,0   2,5  22,1   04:52   NNE
 9   6,5  11,4   16:02   3,7   04:52  11,8   0,0   0,0   3,1  21,1   03:56   NNE
10   9,3  16,9   15:35   3,0   06:26   9,0   0,0   0,0   1,8  23,2   13:23   NNE
11  11,8  18,4   14:15   6,6   06:49   6,5   0,0   0,0   2,6  25,4   15:14     N
12   9,3  14,4   15:39   5,2   05:59   9,0   0,0   0,0   2,7  23,2   06:34    NE
13   8,9  14,6   15:14   4,3   06:28   9,4   0,0   0,0   3,1  29,2   13:16   NNE
14   8,0  10,5   16:10   5,9   22:54  10,3   0,0   0,0   1,4  21,1   23:29   NNE
15   7,8  10,8   13:59   5,5   23:56  10,5   0,0   1,4   1,6  20,5   12:30     E
16   5,6   6,8   14:18   4,5   04:09  12,6   0,0   8,2   2,2  15,7   17:51   NNW
17   7,8  11,0   15:44   5,9   04:00  10,5   0,0   4,0   2,6  24,8   14:13     N
18   9,8  14,1   12:44   5,5   05:10   8,5   0,0   0,0   3,2  21,1   00:19    NE
19  11,0  15,4   13:41   7,6   06:59   7,3   0,0   0,0   2,3  20,5   14:10   ENE
20  10,6  12,9   15:12   9,2   05:38   7,7   0,0   0,0   1,6  15,7   21:25    NE
21   9,6  11,4   15:52   7,8   23:49   8,7   0,0   0,3   0,7  14,6   00:20     E
22   7,3   8,8   15:45   5,4   05:32  11,0   0,0   7,4   2,0  19,4   21:13    NE
23  10,2  15,1   14:27   6,8   04:43   8,1   0,0   0,0   3,9  24,8   05:16   NNE
24   9,3  11,1   11:22   7,9   06:05   9,0   0,0   3,4   2,4  21,1   07:02   NNE
25   8,8  12,0   11:59   7,1   06:14   9,5   0,0   4,6   2,9  18,9   10:52   NNW
26  10,4  13,3   15:47   8,1   00:02   7,9   0,0   3,2   1,0  14,6   06:15   NNE
27  12,8  17,7   12:56   6,8   05:14   5,5   0,0   0,0   4,6  47,0   18:03   NNE
28  12,9  18,9   17:43   7,0   07:10   5,5   0,0   0,0   3,2  23,2   14:47   NNE
29  12,7  17,0   13:32   7,9   07:34   5,4   0,0   0,0   2,9  23,2   05:24   ENE
30  13,7  20,5   15:33   8,9   05:18   4,8   0,2   0,0   5,2  48,6   22:00     N
31  15,7  22,8   17:52   8,9   07:47   3,4   0,8   0,0   5,5  61,0   19:29     N
----------------------------------------------------------------------------------
     9,5  22,8    31     2,2     7   272,4   1,0  32,8   3,0  61,0    31     NNE

Max >=  30,0:  0
Max <=  20,0: 29
Min <=  20,0: 31
Min <=  15,0: 31
Max Rain: 8,2 on day 16
Days of Rain: 9 (>= 0,1 mm)  7 (>= 1,0 mm)  0 (>= 10,0 mm)
Heat Base: 18,3  Cool Base: 18,3  Method: Integration