Riassunti climatici stile NOAA



Report 2015 Febbraio
´╗┐                   Monthly Climatological Summary for feb 2015

Name: www.meteoalbese.it   City: Albese con Cassano (CO)   State: Italia
Elevation: 410 m  Lat: N 46┬° 19' 43"   Lon: E 009┬° 16' 31"

                  Temperature (┬°C), Rain (mm), Wind Speed (km/h)

                                      Heat  Cool        Avg
    Mean                              Deg   Deg         Wind                 Dom
Day Temp  High   Time   Low    Time   Days  Days  Rain  Speed High   Time    Dir
----------------------------------------------------------------------------------
 1   3,0   9,3   14:56  -1,3   05:23  15,2   0,0   0,0   3,0  21,1   15:55     N
 2   3,5   9,4   14:14  -0,5   07:48  14,8   0,0   0,0   3,1  26,5   13:18     N
 3   1,5   3,6   13:50   0,3   04:02  16,8   0,0   0,0   2,9  18,9   20:32   NNE
 4   3,1   5,8   14:49   0,7   00:00  15,1   0,0   0,0   1,4  15,1   16:46   NNE
 5   1,7   4,0   00:49   0,1   16:03  16,6   0,0  19,0   0,7  14,0   10:35   NNW
 6   1,0   2,2   15:32   0,1   01:46  17,3   0,0  13,0   1,5  17,3   03:42   NNW
 7   1,3   2,6   15:37   0,2   23:46  17,0   0,0   1,2   1,6  17,8   13:44     N
 8   5,0  11,3   12:30  -0,5   07:33  13,2   0,0   0,0   4,1  42,1   20:25    NE
 9   5,6  13,6   16:26  -0,5   07:37  12,6   0,0   0,0   4,4  48,1   18:59   NNE
10   6,3  12,4   15:28   1,8   06:01  12,0   0,0   0,0   1,6  17,3   04:04     E
11   6,5  12,7   14:47   2,1   08:04  11,8   0,0   0,0   3,0  23,8   04:04   NNE
12   5,4   9,1   13:05   2,7   05:35  12,9   0,0   0,0   3,2  19,4   23:37   ENE
13   4,7   6,3   15:03   3,3   00:00  13,6   0,0   0,0   0,8  15,7   00:31   NNE
14   3,0   4,7   23:49   1,2   10:43  15,3   0,0  24,2   0,4  11,9   22:22   ESE
15   3,3   4,7   00:00   0,6   07:51  15,0   0,0  35,3   1,5  19,4   07:45    NE
16   5,1   8,6   16:03   2,1   05:16  13,2   0,0   0,0   2,0  23,2   21:09     N
17   7,3  12,7   15:02   4,4   07:29  11,0   0,0   0,0   2,8  23,2   20:13   NNE
18   5,9  10,5   16:04   3,0   23:27  12,4   0,0   0,0   2,4  21,1   00:09   NNE
19   5,2  11,6   15:38   1,3   03:39  13,1   0,0   0,0   2,2  18,9   23:53    NE
20   5,3   9,7   15:19   1,2   06:55  13,0   0,0   0,0   2,6  20,5   07:47     N
21   4,4   5,8   00:38   2,5   12:55  13,9   0,0  33,5   1,5  24,3   23:45   ESE
22   5,1  11,6   16:00   1,1   03:51  13,1   0,0  15,4   2,4  29,2   00:02   NNE
23   6,1  10,6   11:58   2,6   06:27  12,2   0,0   0,0   2,4  23,8   19:40   NNE
24   7,2   9,6   16:23   4,4   05:28  11,1   0,0   0,3   4,2  58,9   16:56   NNE
25   9,0  13,5   16:24   3,9   23:57   9,3   0,0   0,0   3,5  34,0   00:09   ENE
26   6,5  11,7   15:03   2,8   08:20  11,8   0,0   0,0   2,7  21,1   14:27   ENE
27   6,1  10,1   15:42   3,8   03:19  12,2   0,0   0,0   1,3  17,8   00:58   NNE
28   8,1  11,4   11:28   5,0   00:00  10,2   0,0   0,0   1,6  19,4   22:30     E
----------------------------------------------------------------------------------
     4,9  13,6     9    -1,3     1   375,7   0,0 141,9   2,3  58,9    24     NNE

Max >=  30,0:  0
Max <=  20,0: 28
Min <=  20,0: 28
Min <=  15,0: 28
Max Rain: 35,3 on day 15
Days of Rain: 8 (>= 0,1 mm)  7 (>= 1,0 mm)  6 (>= 10,0 mm)
Heat Base: 18,3  Cool Base: 18,3  Method: Integration