Riassunti climatici stile NOAA



Report 2015 Gennaio
´╗┐                   Monthly Climatological Summary for gen 2015

Name: www.meteoalbese.it   City: Albese con Cassano (CO)   State: Italia
Elevation: 410 m  Lat: N 46┬° 19' 43"   Lon: E 009┬° 16' 31"

                  Temperature (┬°C), Rain (mm), Wind Speed (km/h)

                                      Heat  Cool        Avg
    Mean                              Deg   Deg         Wind                 Dom
Day Temp  High   Time   Low    Time   Days  Days  Rain  Speed High   Time    Dir
----------------------------------------------------------------------------------
 1   0,3   4,9   13:40  -3,0   01:15  17,9   0,0   0,0   1,3  17,8   21:49   NNE
 2   3,7   9,2   13:59   0,0   01:30  14,5   0,0   0,0   0,7  13,0   22:11     N
 3   6,5  10,4   15:21   3,4   07:30  11,8   0,0   0,0   1,6  18,9   22:40   ENE
 4  12,5  16,9   02:53   3,9   01:23   5,8   0,0   0,0   7,2  58,9   11:21     N
 5   7,8  11,8   14:12   3,9   23:39  10,4   0,0   0,0   3,9  29,7   00:06     N
 6   4,6   8,4   09:48   2,6   23:37  13,7   0,0   0,0   3,4  21,1   10:29   ENE
 7   4,5   8,1   13:45   2,5   06:43  13,8   0,0   0,0   3,5  21,1   21:14   NNE
 8   5,3   8,7   14:52   2,6   02:17  12,9   0,0   0,0   2,1  18,4   17:02   NNW
 9   6,1  10,5   15:50   2,5   08:05  12,1   0,0   0,0   2,4  19,4   17:10   NNE
10  11,8  17,4   15:20   6,7   00:01   6,5   0,0   0,0   3,2  29,7   02:24     N
11   9,6  15,5   13:01   6,4   03:13   8,6   0,0   0,6   4,6  62,6   16:12     N
12   8,1  12,9   14:00   3,8   08:03  10,1   0,0   0,0   4,4  42,1   00:37     N
13   5,7   7,1   15:26   4,3   03:54  12,6   0,0   0,3   2,7  19,4   01:11   NNE
14   5,8   8,2   16:05   3,4   22:31  12,4   0,0   0,0   1,2  17,8   21:08   NNE
15   4,4   6,4   15:54   2,5   03:50  13,8   0,0   4,1   1,0  17,8   04:47   NNE
16   5,9   8,1   20:34   4,0   00:53  12,3   0,0  39,1   0,9  21,1   20:48   ESE
17   7,6   9,7   13:02   4,6   23:40  10,7   0,0  20,9   1,1  21,1   17:13   NNE
18   4,6   8,1   14:32   2,9   08:46  13,7   0,0   0,5   2,4  21,1   21:40   NNE
19   4,1   7,1   13:24   1,9   03:14  14,1   0,0   0,0   1,8  18,4   05:42   NNE
20   3,9   6,8   16:03   2,0   20:36  14,3   0,0   0,0   2,3  18,4   23:11     N
21   2,0   3,9   08:43   1,0   20:35  16,3   0,0  22,8   1,7  19,4   00:58     N
22   3,3   4,8   16:46   1,6   00:40  14,9   0,0  10,2   1,1  19,4   01:31   NNW
23   6,8  14,7   14:25   2,3   06:55  11,5   0,0   0,0   1,7  21,6   16:39    NE
24   7,0  11,3   14:30   3,1   06:47  11,3   0,0   0,0   3,4  43,2   20:48   NNE
25   7,6  11,0   13:10   5,0   23:59  10,7   0,0   0,0   6,6  47,0   21:29    NE
26   4,4   8,0   12:34   0,7   07:27  13,9   0,0   0,0   3,7  31,3   00:12   NNE
27   3,7   9,8   15:53   0,7   06:13  14,5   0,0   0,0   3,3  23,2   08:09    NE
28   4,8   8,5   14:57   1,7   23:35  13,5   0,0   0,0   3,3  27,0   06:10    NE
29   2,3   4,5   13:01   0,1   22:37  15,9   0,0   0,0   1,9  17,3   02:05     E
30   2,9   7,6   12:39  -0,4   01:52  15,4   0,0   2,9   4,9  55,1   11:25     N
31   2,2   5,7   13:54  -0,6   07:24  16,0   0,0   0,0   3,1  20,5   22:41   ENE
----------------------------------------------------------------------------------
     5,5  17,4    10    -3,0     1   395,9   0,0 101,4   2,8  62,6    11     NNE

Max >=  30,0:  0
Max <=  20,0: 31
Min <=  20,0: 31
Min <=  15,0: 31
Max Rain: 39,1 on day 16
Days of Rain: 9 (>= 0,1 mm)  6 (>= 1,0 mm)  4 (>= 10,0 mm)
Heat Base: 18,3  Cool Base: 18,3  Method: Integration