Riassunti climatici stile NOAA



Report 2014 Dicembre
´╗┐                   Monthly Climatological Summary for dic 2014

Name: www.meteoalbese.it   City: Albese con Cassano (CO)   State: Italia
Elevation: 410 m  Lat: N 46┬° 19' 43"   Lon: E 009┬° 16' 31"

                  Temperature (┬°C), Rain (mm), Wind Speed (km/h)

                                      Heat  Cool        Avg
    Mean                              Deg   Deg         Wind                 Dom
Day Temp  High   Time   Low    Time   Days  Days  Rain  Speed High   Time    Dir
----------------------------------------------------------------------------------
 1  11,2  13,3   13:37  10,0   01:43   7,1   0,0  49,9   0,9  15,1   08:18   ENE
 2  10,2  11,3   12:39   8,5   23:46   8,0   0,0   0,3   0,2   9,2   23:02   ESE
 3   8,4   9,2   13:16   7,5   23:11   9,8   0,0   1,2   1,1  13,5   23:08   NNW
 4   8,3   9,5   13:30   7,3   03:48  10,0   0,0   0,3   0,3  10,3   02:57     N
 5   8,7   9,9   14:32   7,3   07:00   9,6   0,0   1,4   0,1   9,7   15:40   NNW
 6   9,6  12,6   14:03   8,0   06:21   8,7   0,0   0,4   0,2  13,5   13:04   NNW
 7   7,5   9,0   00:00   5,1   23:54  10,8   0,0   0,6   1,2  17,8   19:54   NNE
 8   6,6  10,1   12:20   3,8   07:31  11,7   0,0   1,2   0,9  16,2   00:19     E
 9   6,0   9,9   13:55   3,2   23:53  12,3   0,0   0,9   1,6  19,4   23:18   NNE
10   4,9   9,2   11:28   2,5   02:15  13,3   0,0   0,0   1,5  18,9   22:57   NNE
11   4,5   9,0   13:29   2,3   05:50  13,7   0,0   0,0   2,2  21,1   00:50   NNE
12   4,9   9,3   12:46   1,4   02:54  13,3   0,0   0,0   0,8  14,0   22:59    NE
13   5,3   6,2   03:43   4,5   08:35  13,0   0,0   2,7   0,4  13,0   06:28    NE
14   6,5   7,3   13:55   5,4   00:00  11,8   0,0   8,5   0,2  15,1   09:17     N
15   7,5   8,4   14:10   6,6   03:38  10,7   0,0  10,0   0,1   9,7   11:43   NNW
16   7,5   8,4   15:40   5,7   23:55  10,7   0,0  18,8   0,9  21,1   23:53   NNE
17   6,6   9,2   14:48   3,8   07:27  11,7   0,0   0,0   0,6  21,1   22:13   NNE
18   6,4   9,8   14:14   3,6   05:41  11,9   0,0   0,0   0,8  14,6   07:56   NNE
19   7,7  12,5   13:28   3,9   02:54  10,6   0,0   0,0   1,1  17,8   01:47    NE
20   5,4  13,8   23:50   2,2   20:41  12,8   0,0   0,0   1,7  27,0   23:49     E
21  10,2  13,8   00:05   4,6   23:43   8,0   0,0   0,0   4,6  34,0   04:15   NNE
22   6,3  12,1   15:33   1,8   05:25  12,0   0,0   0,0   1,9  20,5   13:41   NNW
23   6,5  11,8   14:48   3,0   07:46  11,7   0,0   0,0   2,1  21,1   13:27   NNW
24   5,8   9,7   15:38   2,7   01:16  12,4   0,0   0,0   0,8  13,0   14:04   NNW
25   6,4  11,4   23:12   3,4   07:53  11,9   0,0   0,0   1,5  54,0   23:43     N
26   7,5  10,9   00:00   3,7   07:43  10,7   0,0   0,0   4,8  42,1   01:02     N
27   1,2   3,7   00:00  -1,3   23:42  17,1   0,0   1,2   1,5  17,3   03:08   NNE
28   3,2   9,1   13:51  -1,5   06:22  15,0   0,0   0,3   2,8  33,5   15:06   ENE
29   4,6   7,5   15:08   1,1   21:12  13,7   0,0   0,0   5,0  36,7   16:08     N
30   1,1   3,5   12:17  -1,9   23:59  17,2   0,0   0,0   2,4  18,9   04:25     E
31  -1,4   1,4   12:26  -3,2   07:57  19,7   0,0   0,0   3,1  18,4   11:28   ENE
----------------------------------------------------------------------------------
     6,3  13,8    20    -3,2    31   370,9   0,0  97,7   1,5  54,0    25     NNE

Max >=  30,0:  0
Max <=  20,0: 31
Min <=  20,0: 31
Min <=  15,0: 31
Max Rain: 49,9 on day 1
Days of Rain: 15 (>= 0,1 mm)  9 (>= 1,0 mm)  3 (>= 10,0 mm)
Heat Base: 18,3  Cool Base: 18,3  Method: Integration