Riassunti climatici stile NOAA



Report 2014 Novembre
´╗┐                   Monthly Climatological Summary for nov 2014

Name: www.meteoalbese.it   City: Albese con Cassano (CO)   State: Italia
Elevation: 410 m  Lat: N 46┬° 19' 43"   Lon: E 009┬° 16' 31"

                  Temperature (┬°C), Rain (mm), Wind Speed (km/h)

                                      Heat  Cool        Avg
    Mean                              Deg   Deg         Wind                 Dom
Day Temp  High   Time   Low    Time   Days  Days  Rain  Speed High   Time    Dir
----------------------------------------------------------------------------------
 1  12,4  19,0   15:01   8,2   05:21   5,9   0,0   0,0   2,7  23,2   23:42   NNE
 2  12,9  18,9   14:20   8,8   07:11   5,4   0,0   0,0   2,2  21,1   01:10   NNE
 3  11,9  15,3   10:46   9,6   01:35   6,4   0,0   9,7   1,1  14,6   04:18   ESE
 4  12,1  14,7   12:11  10,6   07:03   6,1   0,0  58,9   2,1  25,4   18:28   ESE
 5  12,7  13,5   17:27  11,8   00:57   5,6   0,0  77,5   3,5  24,8   17:43   ESE
 6  10,2  12,4   00:00   8,4   22:02   8,0   0,0  27,6   1,8  21,1   09:34   NNE
 7  11,1  14,4   14:57   8,8   00:00   7,2   0,0   3,4   1,4  18,4   00:10   NNE
 8  12,6  16,9   12:46   9,5   05:26   5,7   0,0   2,6   1,4  18,9   01:26   NNE
 9  12,5  14,1   12:35  11,8   01:36   5,7   0,0  12,5   1,5  17,8   19:48   ESE
10  11,8  12,4   20:48  11,3   04:32   6,4   0,0  60,9   1,3  17,8   13:59   ESE
11  12,1  13,1   19:42  11,1   07:53   6,2   0,0  18,8   1,3  14,0   13:21    SE
12  11,7  12,8   02:06  10,2   23:52   6,6   0,0  81,2   1,4  17,3   14:17   ESE
13  11,3  15,2   13:49   9,3   06:24   7,0   0,0   1,1   3,0  23,2   20:52     N
14  12,1  15,0   14:44  10,0   00:00   6,2   0,0   0,9   1,6  18,9   00:22    NE
15  10,8  11,8   00:00   9,6   18:03   7,4   0,0 136,4   2,7  30,8   23:48   ESE
16  10,2  14,0   13:49   7,8   03:22   8,1   0,0   4,5   3,1  38,9   03:06   NNE
17   8,5  10,1   10:38   6,2   22:44   9,8   0,0  26,5   2,0  24,3   11:34   ESE
18   7,8  12,4   13:39   4,7   07:25  10,5   0,0   0,9   2,3  20,5   16:58    NE
19   8,1  13,5   13:54   4,8   05:34  10,2   0,0   0,0   3,1  21,1   03:06   NNE
20   8,0  12,8   14:10   5,4   04:35  10,3   0,0   0,0   2,9  21,1   00:38   NNE
21   7,4  11,3   14:46   4,8   06:32  10,8   0,0   0,0   2,4  18,9   02:41    NE
22   8,0  12,8   14:02   4,9   06:33  10,3   0,0   0,0   1,8  17,3   18:55    NE
23   8,5  13,3   13:45   5,5   04:36   9,8   0,0   0,0   0,8  17,3   06:50   ENE
24   9,5  13,0   12:14   7,4   06:50   8,8   0,0   0,2   0,7  14,6   18:03     N
25   9,9  12,1   13:27   8,4   23:54   8,4   0,0   0,3   0,3  10,8   21:42   ESE
26   7,4   8,5   00:00   5,4   23:48  10,9   0,0   6,8   0,4   8,1   00:47    NE
27   6,2   7,1   23:56   5,4   07:38  12,1   0,0   7,7   0,4   9,7   15:54   NNE
28   8,2   9,3   21:08   6,8   00:56  10,1   0,0  13,8   1,1  11,3   09:23     N
29  10,6  13,0   13:22   9,1   00:00   7,7   0,0   0,9   1,6  17,8   19:48     N
30  10,4  11,6   11:45   9,8   06:23   7,8   0,0   8,0   0,8  11,9   02:09     N
----------------------------------------------------------------------------------
    10,2  19,0     1     4,7    18   241,4   0,0 561,1   1,7  38,9    16      NE

Max >=  30,0:  0
Max <=  20,0: 30
Min <=  20,0: 30
Min <=  15,0: 30
Max Rain: 136,4 on day 15
Days of Rain: 23 (>= 0,1 mm)  18 (>= 1,0 mm)  10 (>= 10,0 mm)
Heat Base: 18,3  Cool Base: 18,3  Method: Integration