Riassunti climatici stile NOAA



Report 2014 Ottobre
´╗┐                   Monthly Climatological Summary for ott 2014

Name: www.meteoalbese.it   City: Albese con Cassano (CO)   State: Italia
Elevation: 410 m  Lat: N 46┬° 19' 43"   Lon: E 009┬° 16' 31"

                  Temperature (┬°C), Rain (mm), Wind Speed (km/h)

                                      Heat  Cool        Avg
    Mean                              Deg   Deg         Wind                 Dom
Day Temp  High   Time   Low    Time   Days  Days  Rain  Speed High   Time    Dir
----------------------------------------------------------------------------------
 1  17,2  20,4   13:43  14,5   06:44   1,5   0,4   1,2   2,5  18,9   00:08   ENE
 2  17,2  22,9   15:49  13,3   07:11   2,1   0,9   0,0   3,9  24,3   19:55   NNE
 3  17,0  21,3   15:13  14,4   07:21   1,7   0,5   0,0   4,0  24,8   19:13   NNE
 4  16,3  19,9   15:52  13,6   22:55   2,2   0,2   0,0   3,5  25,9   21:25   NNE
 5  16,0  20,1   16:12  13,5   00:12   2,5   0,2   0,0   4,0  22,7   00:36   NNE
 6  15,6  19,1   16:26  13,4   23:33   2,7   0,0   0,0   2,1  23,8   23:20   NNE
 7  13,7  14,9   10:31  13,1   00:25   4,6   0,0   9,9   1,4  21,1   00:33   NNE
 8  14,6  16,6   15:44  13,3   00:00   3,7   0,0   4,3   0,4   9,7   01:04   ENE
 9  16,2  19,2   14:01  14,5   01:28   2,1   0,0   0,0   0,9  15,1   12:13     E
10  17,3  19,2   15:21  16,0   01:49   1,2   0,1   5,1   0,5   9,7   13:15   ESE
11  16,7  18,9   17:42  14,9   23:44   1,6   0,0  13,1   2,3  32,4   12:06     E
12  16,1  18,0   15:01  14,6   06:42   2,2   0,0  17,1   1,0  16,7   01:40     E
13  16,1  17,2   13:10  15,0   23:01   2,2   0,0  62,9   1,8  14,6   09:46   ESE
14  15,8  19,2   14:17  13,5   06:44   2,5   0,0   0,0   1,9  21,6   20:07   NNE
15  16,1  19,6   15:03  14,0   07:03   2,3   0,1   0,0   1,8  19,4   01:15   NNE
16  15,7  19,1   14:39  13,1   06:10   2,7   0,1   0,0   3,9  22,7   20:10   NNE
17  17,6  23,1   15:31  14,8   08:11   1,5   0,9   0,0   2,5  21,1   20:38     N
18  17,7  22,8   16:54  14,0   07:50   1,6   1,0   0,0   3,4  21,1   21:21   NNE
19  17,7  22,0   15:42  15,2   07:23   1,4   0,7   0,0   2,2  20,5   00:04   NNE
20  16,6  19,7   16:01  14,2   06:32   1,8   0,2   0,0   2,3  19,4   00:11     N
21  17,1  21,4   16:03  14,5   07:35   1,6   0,4   0,0   1,7  20,5   06:48   NNE
22  12,9  18,1   00:42  10,7   22:12   5,4   0,0   0,0  11,0  77,2   13:54     N
23  16,0  19,9   15:14  11,1   00:04   2,5   0,2   0,0   8,7  75,1   10:26     N
24  15,0  21,0   15:20  10,5   08:17   3,7   0,4   0,0   4,1  31,3   00:10    NE
25  12,3  14,0   15:52  10,5   02:57   6,0   0,0   0,0   2,0  24,8   01:37   NNE
26  11,5  15,1   15:34   8,8   23:59   6,7   0,0   0,0   2,4  21,6   21:53    NE
27   9,7  11,2   13:45   7,5   23:59   8,6   0,0   0,0   1,7  19,4   01:58    NE
28   9,6  14,5   14:14   6,3   06:51   8,6   0,0   0,0   2,5  19,4   04:23   NNE
29   9,0  12,6   13:58   7,2   22:48   9,3   0,0   0,0   2,4  21,6   22:51   NNE
30  10,2  15,4   13:54   7,0   07:05   8,0   0,0   0,0   2,9  21,1   18:37   NNE
31  11,2  16,7   13:41   7,6   05:11   7,1   0,0   0,0   3,3  23,2   19:07   NNE
----------------------------------------------------------------------------------
    14,9  23,1    17     6,3    28   111,6   6,3 113,6   2,9  77,2    22     NNE

Max >=  30,0:  0
Max <=  20,0: 22
Min <=  20,0: 31
Min <=  15,0: 29
Max Rain: 62,9 on day 13
Days of Rain: 7 (>= 0,1 mm)  7 (>= 1,0 mm)  3 (>= 10,0 mm)
Heat Base: 18,3  Cool Base: 18,3  Method: Integration