Riassunti climatici stile NOAA



Report 2014 Agosto
´╗┐                   Monthly Climatological Summary for ago 2014

Name: www.meteoalbese.it   City: Albese con Cassano (CO)   State: Italia
Elevation: 410 m  Lat: N 46┬° 19' 43"   Lon: E 009┬° 16' 31"

                  Temperature (┬°C), Rain (mm), Wind Speed (km/h)

                                      Heat  Cool        Avg
    Mean                              Deg   Deg         Wind                 Dom
Day Temp  High   Time   Low    Time   Days  Days  Rain  Speed High   Time    Dir
----------------------------------------------------------------------------------
 1  21,7  27,5   17:17  19,3   04:54   0,0   3,4   1,2   3,7  24,8   22:29     N
 2  19,3  23,1   18:52  16,4   11:42   0,2   1,1  24,3   2,5  25,9   10:36   NNE
 3  18,6  23,6   17:32  16,5   14:41   0,5   0,8  31,6   2,6  24,8   22:04   NNE
 4  20,8  27,5   17:47  15,3   07:06   0,8   3,3   0,0   3,2  25,4   00:01   NNE
 5  21,9  27,8   15:51  17,8   06:44   0,0   3,6   0,0   3,7  25,4   22:18    NE
 6  21,7  27,3   14:53  17,6   04:48   0,1   3,4   0,0   4,8  25,9   21:06   NNE
 7  22,4  28,1   18:11  18,2   06:32   0,0   4,1   0,0   4,7  25,9   00:16   NNE
 8  22,5  27,6   15:39  19,2   06:53   0,0   4,2   4,0   3,1  26,5   01:08   NNE
 9  21,4  26,9   16:46  19,2   03:09   0,0   3,1   3,4   2,8  25,9   22:43    NE
10  21,7  26,7   16:02  18,4   03:33   0,0   3,3   8,9   3,7  24,3   02:06     N
11  22,2  25,7   16:01  20,0   05:49   0,0   3,9   0,0   1,9  25,9   18:22     N
12  21,9  27,5   17:17  18,2   20:25   0,0   3,6  31,2   1,8  24,3   19:26    NE
13  18,7  20,4   18:34  16,5   23:44   0,2   0,6  22,8   2,6  23,8   21:34    NE
14  20,1  27,1   16:12  15,1   04:52   1,0   2,8   0,0   3,7  24,8   23:53     N
15  17,4  23,5   18:34  11,0   06:57   1,8   0,9  66,2   2,8  45,9   06:52   NNE
16  17,4  21,8   15:40  12,8   06:13   1,7   0,9   3,2   3,9  25,9   21:32    NE
17  19,4  23,6   15:46  13,9   02:30   0,6   1,4   0,0   3,4  24,8   00:31   NNE
18  18,7  22,9   15:05  16,2   01:49   0,8   1,2   0,0   2,1  25,4   00:16   NNE
19  16,9  18,8   17:42  15,8   08:39   1,4   0,0   7,1   1,3  18,9   01:48    NE
20  17,8  21,6   16:51  15,8   23:54   1,1   0,6   3,2   1,4  21,6   21:31   ENE
21  18,2  23,5   16:15  13,5   07:06   1,6   1,5   0,0   4,1  25,4   21:34    NE
22  19,1  23,8   16:30  16,8   06:34   0,5   1,3   0,0   3,2  24,3   00:15    NE
23  17,4  21,9   18:13  14,9   10:16   1,6   0,7  43,2   2,9  23,2   21:47   NNE
24  18,3  25,4   16:40  13,1   06:20   1,7   1,8   0,0   4,0  27,0   23:09   NNE
25  16,4  19,5   16:59  14,0   10:12   2,0   0,1  60,0   2,3  23,2   00:38    NE
26  17,2  20,2   14:48  15,5   03:34   1,3   0,2   0,8   0,8  13,5   06:08   NNE
27  20,2  29,0   17:52  14,7   06:58   1,0   2,9   0,0   4,0  31,3   22:29     N
28  19,5  24,1   15:49  16,4   07:03   0,3   1,5  17,2   3,3  31,3   00:19    NE
29  20,4  26,3   15:54  16,8   03:19   0,4   2,5   0,0   2,4  22,7   22:36   NNE
30  20,9  26,0   17:46  18,4   07:55   0,0   2,6  12,3   3,6  23,2   22:50   NNE
31  20,1  24,3   17:13  16,7   06:56   0,2   1,9   1,1   2,7  24,3   22:19   NNE
----------------------------------------------------------------------------------
    19,7  29,0    27    11,0    15    20,8  63,2 341,7   3,0  45,9    15     NNE

Max >=  30,0:  0
Max <=  20,0:  2
Min <=  20,0: 31
Min <=  15,0:  8
Max Rain: 66,2 on day 15
Days of Rain: 18 (>= 0,1 mm)  17 (>= 1,0 mm)  9 (>= 10,0 mm)
Heat Base: 18,3  Cool Base: 18,3  Method: Integration