Riassunti climatici stile NOAA



Report 2014 Luglio
´╗┐                   Monthly Climatological Summary for lug 2014

Name: www.meteoalbese.it   City: Albese con Cassano (CO)   State: Italia
Elevation: 410 m  Lat: N 46┬° 19' 43"   Lon: E 009┬° 16' 31"

                  Temperature (┬°C), Rain (mm), Wind Speed (km/h)

                                      Heat  Cool        Avg
    Mean                              Deg   Deg         Wind                 Dom
Day Temp  High   Time   Low    Time   Days  Days  Rain  Speed High   Time    Dir
----------------------------------------------------------------------------------
 1  19,3  23,4   15:59  15,4   05:35   0,7   1,7   3,7   3,9  21,6   04:39   ENE
 2  17,0  20,2   14:14  14,9   06:13   1,6   0,3  17,6   2,6  15,7   06:11     N
 3  19,6  26,1   17:57  13,9   04:18   1,3   2,6   0,0   4,2  26,5   21:26   ENE
 4  17,9  21,0   10:57  16,0   22:55   0,8   0,5   6,9   4,3  36,7   17:27     N
 5  20,4  26,6   17:30  15,4   06:18   0,9   3,0   0,8   3,7  24,8   06:43     N
 6  22,0  27,7   17:32  17,5   05:51   0,1   3,7   0,3   3,0  21,1   00:27   ENE
 7  20,9  26,6   14:51  17,4   23:58   0,0   2,6   7,4   3,0  42,1   18:54   ENE
 8  16,4  19,3   14:56  15,1   04:22   1,9   0,0 125,9   2,7  26,5   01:02   NNE
 9  17,6  24,8   15:31  13,0   05:31   1,9   1,2   0,0   4,6  24,8   23:23     N
10  17,8  24,6   18:58  12,0   06:10   1,9   1,4   0,0   4,1  24,8   15:59     N
11  20,3  29,7   17:25  13,8   05:29   1,2   3,3   0,0   4,5  25,4   02:07   NNE
12  20,6  23,9   14:45  16,8   05:50   0,1   1,6   0,3   4,0  27,0   01:44   NNE
13  19,2  24,7   16:56  14,9   05:37   1,0   1,9   0,0   2,1  21,1   15:58     N
14  20,6  26,6   16:48  16,9   03:18   0,3   2,6   0,0   2,7  19,4   16:58    NE
15  22,2  29,3   17:03  17,2   05:09   0,1   4,0   0,0   4,1  25,4   21:24   NNE
16  23,9  30,2   17:31  18,9   05:48   0,0   5,6   0,0   4,2  23,2   15:14     N
17  24,8  30,6   16:58  19,9   06:08   0,0   6,5   0,0   3,9  23,8   23:56     N
18  24,8  30,3   15:48  20,9   06:33   0,0   6,5   0,0   3,9  25,4   01:00   NNE
19  25,2  30,7   16:05  20,8   05:55   0,0   6,9   0,0   5,2  29,7   01:58     N
20  23,1  24,7   13:02  21,3   07:10   0,0   4,8   0,8   2,5  25,4   00:55   NNE
21  19,1  22,6   00:00  17,5   13:59   0,1   0,9   1,7   2,3  21,1   01:07   NNE
22  19,8  24,4   14:59  15,6   04:36   0,7   2,2   3,4   2,1  21,1   23:19    NE
23  21,5  27,5   15:54  17,7   23:47   0,0   3,2  34,8   4,2  25,9   19:23   NNE
24  19,0  22,3   14:29  16,3   04:28   0,5   1,2   4,3   2,4  21,1   05:21   ENE
25  20,8  26,3   16:42  16,1   05:34   0,4   2,9   2,3   2,9  23,2   23:58   ENE
26  16,7  19,7   01:06  15,4   06:30   1,6   0,1  72,9   2,0  39,4   01:20    NE
27  20,0  26,5   17:46  15,7   02:13   0,8   2,5   0,0   2,5  19,4   15:04   NNE
28  20,6  27,2   14:25  16,3   21:36   0,3   2,6  55,4   4,0  41,0   19:21   NNE
29  16,6  20,2   13:36  13,9   23:12   1,8   0,1  65,7   2,9  51,8   15:10    NE
30  16,6  18,8   18:46  14,0   00:00   1,7   0,0   0,8   2,4  19,4   01:10   NNE
31  21,1  27,6   16:49  14,9   06:06   0,9   3,7   0,0   2,8  24,8   21:19   ENE
----------------------------------------------------------------------------------
    20,2  30,7    19    12,0    10    22,6  80,1 405,0   3,3  51,8    29     NNE

Max >=  30,0:  4
Max <=  20,0:  3
Min <=  20,0: 28
Min <=  10,0:  0
Max Rain: 125,9 on day 8
Days of Rain: 16 (>= 0,5 mm)  13 (>= 1,0 mm)  6 (>= 10,0 mm)
Heat Base: 18,3  Cool Base: 18,3  Method: Integration