Riassunti climatici stile NOAA



Report 2014 Giugno
´╗┐                   Monthly Climatological Summary for giu 2014

Name: www.meteoalbese.it   City: Albese con Cassano (CO)   State: Italia
Elevation: 410 m  Lat: N 46┬° 19' 43"   Lon: E 009┬° 16' 31"

                  Temperature (┬°C), Rain (mm), Wind Speed (km/h)

                                      Heat  Cool        Avg
    Mean                              Deg   Deg         Wind                 Dom
Day Temp  High   Time   Low    Time   Days  Days  Rain  Speed High   Time    Dir
----------------------------------------------------------------------------------
 1  19,2  24,1   15:32  12,0   08:58   0,8   1,3   0,2   4,5  37,3   23:43    NE
 2  16,1  23,0   18:01  11,2   03:41   3,1   1,0   5,5   4,8  28,6   01:02   NNE
 3  17,2  24,0   16:09  13,0   08:55   1,7   0,9  33,1   3,4  24,8   00:03     N
 4  15,2  19,9   12:33  12,0   05:28   3,2   0,2  41,3   2,9  30,2   23:00     N
 5  17,0  24,5   15:46  11,4   04:01   2,7   1,4   0,0   3,7  26,5   22:25   NNE
 6  19,8  26,4   16:12  14,9   04:24   1,1   2,6   0,0   3,2  30,2   23:55   NNE
 7  21,9  30,0   17:01  15,8   04:53   0,5   4,0   0,0   4,5  27,0   02:34   NNE
 8  24,4  32,2   16:37  18,2   03:25   0,0   6,1   0,0   4,2  27,0   05:23     N
 9  25,4  32,8   15:54  20,0   05:53   0,0   7,1   0,0   5,6  28,6   02:31   NNE
10  25,4  32,8   16:25  19,5   06:18   0,0   7,0   0,0   3,8  28,6   20:11     N
11  26,3  33,4   15:36  20,6   06:17   0,0   7,9   0,0   4,5  24,8   20:29   NNE
12  26,6  33,5   16:41  20,9   06:30   0,0   8,3   0,0   4,1  24,3   22:20     N
13  26,2  31,8   15:31  16,9   06:05   0,0   5,4  13,8   5,4  32,4   00:34     N
14  20,1  28,0   15:39  15,6   19:44   0,9   2,8  33,1   4,4  30,2   03:25    NE
15  16,0  21,9   13:49  13,2   05:16   2,7   0,4   6,6   3,7  29,7   21:14     N
16  17,3  24,0   15:25  13,0   04:27   2,1   1,1   0,8   3,8  25,9   03:29   NNE
17  16,5  20,2   15:42  14,0   05:34   2,0   0,2   0,0   3,0  23,2   21:47   NNE
18  17,0  24,9   17:07  14,0   21:45   2,0   0,8  10,0   3,0  24,3   20:32     N
19  18,9  26,2   16:29  13,3   05:56   1,8   2,4   1,8   4,1  33,5   21:15     N
20  21,4  29,0   15:33  14,4   05:02   0,8   4,0   0,0   4,1  25,4   18:00     N
21  20,5  26,0   16:39  16,0   04:32   0,3   2,5   0,0   3,4  24,8   02:40   ENE
22  21,8  27,7   16:10  17,5   05:01   0,1   3,6   1,3   3,9  24,8   21:13     N
23  20,8  25,3   15:32  17,1   23:06   0,2   2,7  18,9   2,7  23,8   00:43    NE
24  20,3  26,2   15:00  16,1   04:36   0,6   2,6   2,7   2,7  21,1   03:58   NNE
25  18,8  23,6   17:21  15,5   10:47   0,7   1,2  19,8   2,5  15,7   02:24    NE
26  18,1  22,0   18:07  16,1   03:01   0,8   0,6  26,6   2,8  21,1   00:22    NE
27  21,2  25,0   14:33  15,5   05:42   0,1   2,1   0,5   4,4  27,5   22:54   ENE
28  18,2  23,6   16:41  15,8   04:01   0,8   0,7  38,8   3,2  30,2   17:35   NNE
29  16,9  20,8   14:42  12,8   23:22   1,5   0,2  69,5   3,8  24,8   17:00    NE
30  19,4  27,0   18:20  12,8   05:02   1,6   2,7   0,0   4,5  27,5   22:01   NNE
----------------------------------------------------------------------------------
    20,1  33,5    12    11,2     2    32,1  83,8 324,3   3,8  37,3     1     NNE

Max >=  30,0:  7
Max <=  20,0:  1
Min <=  20,0: 28
Min <=  10,0:  0
Max Rain: 69,5 on day 29
Days of Rain: 17 (>= 0,5 mm)  15 (>= 1,0 mm)  10 (>= 10,0 mm)
Heat Base: 18,3  Cool Base: 18,3  Method: Integration