Riassunti climatici stile NOAA



Report 2014 Maggio
´╗┐                   Monthly Climatological Summary for mag 2014

Name: www.meteoalbese.it   City: Albese con Cassano (CO)   State: 
Elevation: 410 m  Lat: N 46┬° 19' 43"   Lon: E 009┬° 16' 31"

                  Temperature (┬°C), Rain (mm), Wind Speed (km/h)

                                      Heat  Cool        Avg
    Mean                              Deg   Deg         Wind                 Dom
Day Temp  High   Time   Low    Time   Days  Days  Rain  Speed High   Time    Dir
----------------------------------------------------------------------------------
 1  14,4  23,8   15:16   8,9   05:23   4,7   0,8   1,0   3,2  19,4   04:37   ENE
 2  11,8  13,7   18:02  10,1   06:23   6,4   0,0  33,8   2,5  18,9   03:55   ENE
 3  14,9  21,9   16:07   9,5   05:44   3,9   0,5   0,0   2,7  18,4   03:54     E
 4  17,1  23,4   17:20  11,3   01:07   2,5   1,3   0,0   3,8  25,9   04:27     E
 5  16,4  22,9   16:58  11,4   06:36   2,8   1,0   0,0   4,6  23,2   01:10     E
 6  16,4  21,4   16:03  11,6   06:23   2,5   0,6   0,0   2,9  17,8   03:10   ENE
 7  14,4  16,7   18:42  11,0   23:52   3,9   0,0   2,0   1,0  16,2   23:24   ENE
 8  15,6  22,9   17:45   9,0   06:11   3,6   0,9   0,0   3,5  23,2   21:11     E
 9  18,8  25,6   17:08  12,8   06:28   1,7   2,2   0,0   3,9  20,5   11:27   ENE
10  19,1  24,7   14:57  14,1   06:32   1,2   2,0   0,0   2,7  17,8   03:07     E
11  16,8  22,5   16:26  14,1   05:06   1,8   0,3   2,0   3,1  43,2   17:24   ENE
12  15,3  21,0   14:58   9,7   06:06   3,4   0,4   1,0   2,8  26,5   22:11   ESE
13  14,4  19,2   13:07   9,4   06:20   3,9   0,0   0,0   2,7  24,3   16:20   ENE
14  15,8  22,6   14:32   9,8   06:26   3,4   1,0   0,0   4,5  43,2   17:51    NE
15  16,8  22,1   16:12  11,4   04:32   2,4   0,9   0,0   5,9  52,9   13:17   NNE
16  18,0  25,9   16:14  14,1   05:47   1,5   1,2   2,3   5,6  36,7   00:16    NE
17  17,3  25,0   16:54  11,3   05:42   2,5   1,5   0,0   3,4  25,9   21:17    NE
18  17,5  24,9   15:43  11,1   06:24   2,3   1,5   0,0   3,3  21,1   02:21    NE
19  17,0  22,8   13:48  12,1   06:39   1,9   0,6   0,0   2,2  36,7   10:10    NE
20  17,6  23,1   18:01  14,0   04:34   1,7   1,0   0,0   3,0  23,2   22:29   NNE
21  19,6  25,9   15:35  14,4   06:10   1,1   2,4   1,0   3,6  23,8   00:25   NNE
22  18,7  23,1   13:44  15,8   20:37   0,5   0,9  12,8   2,5  20,2   18:59    NE
23  19,7  26,1   17:51  15,5   23:46   0,7   2,1   1,7   2,8  13,7   11:30   ENE
24  18,0  25,2   16:24  11,9   05:19   2,0   1,7   0,0   4,0  16,6   14:51    NE
25  19,2  26,3   16:55  13,9   06:11   1,4   2,3   0,0   4,1  15,5   22:48    NE
26  17,0  21,0   16:25  14,5   06:55   1,7   0,5   8,3   4,0  15,8   00:51   NNE
27  16,7  22,3   15:48  11,9   05:25   2,3   0,7   0,5   2,6  16,2   17:49   NNW
28  16,6  24,6   13:38  11,5   05:33   2,8   1,1   0,0   2,8  18,1   17:56   NNE
29  19,7  25,1   15:48  13,4   00:50   0,7   1,6   0,7   3,1  16,8   15:00    NE
30  17,7  26,3   16:53  12,5   05:30   2,2   1,6   0,0   4,0  23,2   23:11   NNE
31  16,8  24,8   18:19  13,0   07:36   2,2   0,8   1,3   3,5  20,5   22:50   ESE
----------------------------------------------------------------------------------
    16,9  26,3    25     8,9     1    75,6  33,4  68,4   3,4  52,9    15      NE

Max >=  30,0:  0
Max <=  20,0:  3
Min <=  20,0: 31
Min <=  10,0:  6
Max Rain: 33,8 on day 2
Days of Rain: 13 (>= 0,5 mm)  11 (>= 1,0 mm)  2 (>= 10,0 mm)
Heat Base: 18,3  Cool Base: 18,3  Method: Integration