Riassunti climatici stile NOAA



Report 2014 Aprile
´╗┐                   Monthly Climatological Summary for apr 2014

Name: www.meteoalbese.it   City: Albese con Cassano (CO)   State: 
Elevation: 410 m  Lat: N 46┬° 19' 43"   Lon: E 009┬° 16' 31"

                  Temperature (┬°C), Rain (mm), Wind Speed (km/h)

                                      Heat  Cool        Avg
    Mean                              Deg   Deg         Wind                 Dom
Day Temp  High   Time   Low    Time   Days  Days  Rain  Speed High   Time    Dir
----------------------------------------------------------------------------------
18   7,3  17,5   21:16   5,6   00:00   5,9   0,0   0,0   2,8  13,5   21:22   ENE
19   9,7  17,5   13:27   5,6   06:20   8,6   0,0  13,7   2,3  17,3   09:10   ENE
20  14,2  23,6   14:21   7,5   06:34   4,9   0,9   3,0   2,1  19,4   00:55     E
21  10,7  11,9   17:06   9,7   07:09   7,6   0,0  22,1   1,0  10,8   21:04   ENE
22  14,6  24,8   14:44   9,9   06:48   4,5   0,7   1,0   2,8  19,4   23:48   ENE
23  15,8  24,9   16:06  10,2   04:07   3,4   1,0   2,3   3,7  23,2   16:27   ENE
24  18,3  26,0   18:03  11,9   04:34   2,2   2,2   0,0   3,4  21,1   01:05   ENE
25  18,6  24,7   16:22  13,9   06:53   1,5   1,8   0,0   3,4  19,4   23:49   ENE
26  19,1  26,0   16:35  13,5   06:12   1,4   2,2   1,0   3,1  18,9   15:12     E
27  13,5  18,2   00:00  10,8   22:51   4,8   0,0  29,5   1,9  15,1   11:01   ENE
28  10,6  11,5   17:43  10,0   05:44   7,7   0,0  34,8   1,6  14,0   11:54   ENE
29  14,1  21,1   16:33   8,3   06:47   4,5   0,4   1,0   2,5  23,2   14:22   ENE
30  12,5  17,9   14:55   9,7   23:47   5,8   0,0  27,4   2,3  25,4   00:36   ENE
----------------------------------------------------------------------------------
    13,8  26,0    24     5,6    18    62,8   9,2 135,8   2,5  25,4    30     ENE

Max >=  30,0:  0
Max <=  20,0:  6
Min <=  20,0: 13
Min <=  10,0:  8
Max Rain: 34,8 on day 28
Days of Rain: 10 (>= 0,5 mm)  10 (>= 1,0 mm)  5 (>= 10,0 mm)
Heat Base: 18,3  Cool Base: 18,3  Method: Integration