Riassunti climatici stile NOAA



Report 2014 Settembre
´╗┐                   Monthly Climatological Summary for set 2014

Name: www.meteoalbese.it   City: Albese con Cassano (CO)   State: Italia
Elevation: 410 m  Lat: N 46┬° 19' 43"   Lon: E 009┬° 16' 31"

                  Temperature (┬°C), Rain (mm), Wind Speed (km/h)

                                      Heat  Cool        Avg
    Mean                              Deg   Deg         Wind                 Dom
Day Temp  High   Time   Low    Time   Days  Days  Rain  Speed High   Time    Dir
----------------------------------------------------------------------------------
 1  20,1  25,9   15:21  14,2   07:05   0,8   2,6   0,0   5,0  56,2   18:47     N
 2  19,8  25,8   16:46  14,5   06:13   0,8   2,2   0,0   4,4  36,7   02:32    NE
 3  16,8  21,1   13:15  13,3   06:33   1,9   0,5   0,0   3,7  25,4   02:59     N
 4  18,9  22,4   11:12  15,8   03:12   0,8   1,4   0,0   1,5  15,1   12:04   ENE
 5  18,6  24,1   15:41  16,6   23:35   0,5   0,8   0,5   2,1  21,6   13:48     N
 6  20,0  25,9   17:09  16,3   07:21   0,6   2,3   0,0   3,0  26,5   23:36   NNE
 7  20,7  25,8   15:20  17,3   06:32   0,1   2,5   0,0   2,9  21,1   00:29   NNE
 8  21,4  26,7   15:55  17,7   07:06   0,0   3,2   0,0   3,4  21,1   22:08   NNE
 9  20,0  24,8   13:23  17,6   23:48   0,0   1,7   2,0   2,3  22,1   23:30     N
10  18,8  23,4   17:03  15,7   07:37   0,8   1,4   0,0   2,6  20,5   01:52   ENE
11  18,2  22,8   16:24  15,4   03:56   1,0   0,9   0,0   3,0  25,9   15:37     N
12  17,0  22,8   15:49  12,7   07:33   2,2   0,9   0,0   2,8  22,1   23:45    NE
13  17,1  24,0   16:04  12,2   07:13   2,4   1,2   0,0   4,2  25,4   20:49    NE
14  17,8  23,8   17:58  14,0   06:11   1,7   1,3   0,0   5,3  25,9   23:01   NNE
15  18,4  23,5   17:15  14,8   07:00   1,1   1,1   0,0   4,5  24,3   00:09   NNE
16  18,7  23,5   15:12  16,3   03:32   0,7   1,1   0,0   4,0  25,4   00:03   NNE
17  18,7  21,7   14:31  16,6   05:27   0,5   0,8   0,0   2,6  20,5   21:31    NE
18  16,9  18,4   14:43  15,2   19:31   1,4   0,0   0,6   1,8  18,9   19:44   NNE
19  15,8  17,4   12:01  15,1   04:02   2,5   0,0  44,3   1,6  19,4   15:09     N
20  17,6  22,0   16:09  15,4   00:31   1,2   0,5   0,3   1,1  15,7   22:33   ENE
21  19,0  24,0   16:15  15,8   05:19   0,8   1,5   0,0   2,6  18,9   23:20     N
22  19,6  25,7   16:02  15,0   05:47   0,9   2,2   0,0   3,9  43,7   20:22     N
23  15,4  21,2   16:02  10,8   07:22   3,2   0,4   0,0   5,1  31,3   23:02   NNE
24  14,5  18,9   14:35  10,7   06:41   3,8   0,0   0,0   4,6  29,7   00:29   NNE
25  15,7  21,7   17:05  11,9   07:45   3,2   0,6   0,0   4,1  25,9   19:26   NNE
26  15,3  20,2   15:40  12,1   04:12   3,2   0,2   0,0   4,6  24,3   23:51     N
27  17,2  23,7   15:17  13,0   07:29   2,3   1,2   0,0   4,6  25,4   20:59   NNE
28  17,5  22,2   16:34  15,0   01:10   1,6   0,8   0,0   4,4  26,5   23:10   NNE
29  17,6  23,2   15:28  14,1   06:34   1,8   1,1   0,0   4,0  23,2   00:15   NNE
30  16,9  19,5   16:46  15,3   05:14   1,5   0,1   0,8   3,7  21,1   02:04     N
----------------------------------------------------------------------------------
    18,0  26,7     8    10,7    24    43,3  34,5  48,5   3,5  56,2     1     NNE

Max >=  30,0:  0
Max <=  20,0:  4
Min <=  20,0: 30
Min <=  15,0: 15
Max Rain: 44,3 on day 19
Days of Rain: 6 (>= 0,1 mm)  2 (>= 1,0 mm)  1 (>= 10,0 mm)
Heat Base: 18,3  Cool Base: 18,3  Method: Integration